{"id":36674,"date":"2025-08-04T00:47:58","date_gmt":"2025-08-03T22:47:58","guid":{"rendered":"https:\/\/www.ibagsbelts.com\/tienda\/?post_type=product&#038;p=36674"},"modified":"2026-03-08T20:58:33","modified_gmt":"2026-03-08T19:58:33","slug":"mochila-urbana-turquesa-convertible-en-bolso-gala","status":"publish","type":"product","link":"https:\/\/www.ibagsbelts.com\/tienda\/producto\/mochila-urbana-turquesa-convertible-en-bolso-gala\/","title":{"rendered":"Mochila urbana turquesa convertible en bolso Gala"},"content":{"rendered":"<p class=\"p1\" style=\"text-align: left;\"><b>Dise\u00f1o Funcional y Estilo Moderno<\/b><\/p>\n<p class=\"p1\" style=\"text-align: left;\">Dise\u00f1ada para acompa\u00f1arte en tu d\u00eda a d\u00eda con un toque de innovaci\u00f3n, esta mochila urbana combina tecnolog\u00eda, practicidad y estilo. Su dise\u00f1o vers\u00e1til permite llevarla como mochila o transformarla f\u00e1cilmente en un bolso, adapt\u00e1ndose a tu ritmo y necesidades.<\/p>\n<p class=\"p1\" style=\"text-align: left;\">Confeccionada con atenci\u00f3n al detalle, cuenta con bolsillos exteriores delanteros y traseros para acceso r\u00e1pido, as\u00ed como un interior forrado que incluye un divisor central con cremallera de seguridad y un bolsillo lateral adicional con cierre. Su silueta moderna le aporta un aire deportivo sin perder el toque urbano y elegante.<\/p>\n<p class=\"p1\" style=\"text-align: left;\">Ideal para el trabajo, la ciudad o escapadas cortas, esta mochila se convertir\u00e1 en tu aliada diaria.<\/p>\n<p class=\"p1\" style=\"text-align: left;\"><b>Medidas:<\/b> 30 cm (largo) x 33 cm (alto) x 9 cm (profundidad)<\/p>\n<p style=\"text-align: left;\"><strong style=\"font-size: 1.4rem;\">Aviso importante<\/strong><\/p>\n<h5 style=\"text-align: left;\">Todos nuestros productos de cuero est\u00e1n hechos a mano y su nueva bolsa de cuero puede estar sujeta a una variaci\u00f3n natural en tama\u00f1o y color.<br \/>\nPara los tama\u00f1os, permita 1-2 cm difiere debido a la medida manual.<br \/>\nLas im\u00e1genes son 100% reales.<br \/>\nDebido al monitor del ordenador y el brillo real de la toma y otras razones, habr\u00e1 una cierta diferencia de color.<\/h5>\n<!-- AddThis Advanced Settings generic via filter on the_content --><!-- AddThis Share Buttons generic via filter on the_content -->","protected":false},"excerpt":{"rendered":"<p class=\"p1\"><b>Dise\u00f1o Funcional y Estilo Moderno<\/b><\/p>\n<p class=\"p1\">Mochila urbana con dise\u00f1o convertible en bolso. Funcional, con bolsillos exteriores e interior forrado con divisor y cierre. Moderna, c\u00f3moda y perfecta para tu d\u00eda a d\u00eda.<\/p>\n<p style=\"text-align: left;\"><span class=\"a-list-item\">Medidas exteriores: 30 cm de largo, 33 cm de alto, 9 cm de profundidad.<\/span><\/p>\n<div class=\"woocommerce-product-details__short-description\">\n<div id=\"featurebullets_feature_div\" class=\"celwidget\" data-feature-name=\"featurebullets\" data-csa-c-id=\"ezq2qk-n7p6b1-v7giel-i0emrq\" data-cel-widget=\"featurebullets_feature_div\">\n<div id=\"feature-bullets\" class=\"a-section a-spacing-medium a-spacing-top-small\">\n<h5 style=\"text-align: left;\"><a href=\"https:\/\/bit.ly\/TE-AYUDO\"><strong>\u00bfAlguna duda? Ponte en contacto con nosotros a trav\u00e9s del bot\u00f3n del chat directo por whatsApp y te resolveremos las dudas al instante!<\/strong><\/a><\/h5>\n<p>&nbsp;<\/p>\n<\/div>\n<\/div>\n<\/div>\n<p><!-- AddThis Advanced Settings generic via filter on get_the_excerpt --><!-- AddThis Share Buttons generic via filter on get_the_excerpt --><\/p>\n","protected":false},"featured_media":36675,"comment_status":"open","ping_status":"closed","template":"","meta":{"om_disable_all_campaigns":false,"_monsterinsights_skip_tracking":false,"_monsterinsights_sitenote_active":false,"_monsterinsights_sitenote_note":"","_monsterinsights_sitenote_category":0,"_uf_show_specific_survey":0,"_uf_disable_surveys":false},"product_brand":[1217],"product_cat":[40,400],"product_tag":[1135,1096,301,877,1019,266,299,823,1036,727,302,753,275,310,347,354,1136,304,1102],"class_list":{"0":"post-36674","1":"product","2":"type-product","3":"status-publish","4":"has-post-thumbnail","6":"product_brand-ibags-belts","7":"product_cat-bolsos-de-hombro","8":"product_cat-mochilas-medianas","9":"product_tag-accesorios-y-complementos","10":"product_tag-artesania","11":"product_tag-bandolera","12":"product_tag-bandoleras","13":"product_tag-bolsa-de-portatil","14":"product_tag-bolso-bohemian-bolso-cuero-repujado-bolsos-cuero-retro-bolso-shopper-cuero-bolso-cuero-trenzado-bolso-cuero-troquelado","15":"product_tag-bolso-cuero","16":"product_tag-bolso-piel","17":"product_tag-bolso-piel-italiano","18":"product_tag-bolsos-bandoleras-cuero","19":"product_tag-bolsos-de-cuero","20":"product_tag-complementos-de-cuero","21":"product_tag-mochila-de-cuero-para-hombre-bolso-de-cuero-para-mujer-bolso-de-cuero-hecho-a-mano-bolso-cuero-grabado-bolso-cuero-hombre-artesanal-bolso-cuero-hecho-a-mano-bolsos-cuero-y-kilim","22":"product_tag-mochila-cuero","23":"product_tag-mochila-hecho-a-mano","24":"product_tag-mochila-moto-cuero","25":"product_tag-mochila-piel","26":"product_tag-mochilas-cuero-con-cremalleras","27":"product_tag-piel","29":"first","30":"instock","31":"shipping-taxable","32":"purchasable","33":"product-type-simple","34":"add-to-wishlist-after_add_to_cart","35":"layout-style-1","36":"col-md-4 col-sm-4 col-xs-6","37":"col-lg-3","38":"product-has-gallery","39":"product-style-default"},"aioseo_notices":[],"_links":{"self":[{"href":"https:\/\/www.ibagsbelts.com\/tienda\/wp-json\/wp\/v2\/product\/36674","targetHints":{"allow":["GET"]}}],"collection":[{"href":"https:\/\/www.ibagsbelts.com\/tienda\/wp-json\/wp\/v2\/product"}],"about":[{"href":"https:\/\/www.ibagsbelts.com\/tienda\/wp-json\/wp\/v2\/types\/product"}],"replies":[{"embeddable":true,"href":"https:\/\/www.ibagsbelts.com\/tienda\/wp-json\/wp\/v2\/comments?post=36674"}],"wp:featuredmedia":[{"embeddable":true,"href":"https:\/\/www.ibagsbelts.com\/tienda\/wp-json\/wp\/v2\/media\/36675"}],"wp:attachment":[{"href":"https:\/\/www.ibagsbelts.com\/tienda\/wp-json\/wp\/v2\/media?parent=36674"}],"wp:term":[{"taxonomy":"product_brand","embeddable":true,"href":"https:\/\/www.ibagsbelts.com\/tienda\/wp-json\/wp\/v2\/product_brand?post=36674"},{"taxonomy":"product_cat","embeddable":true,"href":"https:\/\/www.ibagsbelts.com\/tienda\/wp-json\/wp\/v2\/product_cat?post=36674"},{"taxonomy":"product_tag","embeddable":true,"href":"https:\/\/www.ibagsbelts.com\/tienda\/wp-json\/wp\/v2\/product_tag?post=36674"}],"curies":[{"name":"wp","href":"https:\/\/api.w.org\/{rel}","templated":true}]}}