{"id":37989,"date":"2025-10-26T12:38:30","date_gmt":"2025-10-26T11:38:30","guid":{"rendered":"https:\/\/www.ibagsbelts.com\/tienda\/?post_type=product&#038;p=37989"},"modified":"2026-03-08T13:35:10","modified_gmt":"2026-03-08T12:35:10","slug":"monedero-mostaza-de-serraje","status":"publish","type":"product","link":"https:\/\/www.ibagsbelts.com\/tienda\/producto\/monedero-mostaza-de-serraje\/","title":{"rendered":"Monedero mostaza de serraje"},"content":{"rendered":"<p style=\"text-align: left;\">\u00a1Dale un toque de glamour a tu estilo con nuestro monedero mini de serraje hecho en Italia! Este encantador accesorio est\u00e1 confeccionado en <strong>PIEL DE ANTE<\/strong> que le confiere un acabado de excelente calidad, perfecto para a\u00f1adir un brillo sutil pero llamativo a tu look.<\/p>\n<p style=\"text-align: left;\">El cierre de solapa con bot\u00f3n de click asegura la seguridad de tus pertenencias mientras a\u00f1ade un elemento decorativo al dise\u00f1o del monedero.<\/p>\n<p style=\"text-align: left;\">En su interior, encontrar\u00e1s un tacto suave del ante, adem\u00e1s de proteger tus objetos m\u00e1s preciados. Tambi\u00e9n cuenta con un mini bolsillo de cremallera interno y otro en la parte trasera para una organizaci\u00f3n \u00f3ptima.<\/p>\n<p style=\"text-align: left;\">Los colores vibrante a\u00f1ade un toque de frescura y feminidad, haci\u00e9ndolo el complemento perfecto para cualquier ocasi\u00f3n.<\/p>\n<p style=\"text-align: left;\">Con su tama\u00f1o compacto, este monedero es ideal para llevarlo contigo en tus salidas diarias, ya sea en tu bolso o simplemente en la mano. \u00a1Destaca con estilo y funcionalidad con nuestro monedero mini de piel-ante!<\/p>\n<p class=\"markdown prose w-full break-words dark:prose-invert light\" style=\"text-align: left;\">Medidas: \u00a08 cm de alto X 10,5 cm de largo X 2 cm de grosor.<\/p>\n<p class=\"markdown prose w-full break-words dark:prose-invert light\" style=\"text-align: left;\"><strong>Aviso importante<\/strong><\/p>\n<p class=\"markdown prose w-full break-words dark:prose-invert light\" style=\"text-align: left;\">Todos nuestros productos de cuero est\u00e1n hechos a mano y su nueva bolsa de cuero puede estar sujeta a una variaci\u00f3n natural en tama\u00f1o y color.<br \/>\nPara los tama\u00f1os, permita 1-2 cm difiere debido a la medida manual.<br \/>\nLas im\u00e1genes son 100% reales.<br \/>\nDebido al monitor del ordenador y el brillo real de la toma y otras razones, habr\u00e1 una cierta diferencia de color.<\/p>\n<!-- AddThis Advanced Settings generic via filter on the_content --><!-- AddThis Share Buttons generic via filter on the_content -->","protected":false},"excerpt":{"rendered":"<p>\u00a1Dale un toque de glamour a tu estilo con nuestro monedero mini de serraje hecho en Italia! Este encantador accesorio est\u00e1 confeccionado en piel que le confiere un acabado de excelente calidad, perfecto para a\u00f1adir un brillo sutil pero llamativo a tu look.<\/p>\n<p>Con su tama\u00f1o compacto, este monedero es ideal para llevarlo contigo en tus salidas diarias, ya sea en tu bolso o simplemente en la mano. \u00a1Destaca con estilo y funcionalidad con nuestro monedero mini de <strong>piel de ante.<\/strong><\/p>\n<p class=\"markdown prose w-full break-words dark:prose-invert light\"><strong>Medidas<\/strong>: \u00a08 cm de alto X 10,5 cm de largo X 3 cm de grosor.<\/p>\n<h5><b>\u00bfAlguna duda? Ponte en contacto con nosotros a trav\u00e9s del bot\u00f3n del chat directo por WhatsApp y te resolveremos las dudas al instante!<\/b><\/h5>\n<p><!-- AddThis Advanced Settings generic via filter on get_the_excerpt --><!-- AddThis Share Buttons generic via filter on get_the_excerpt --><\/p>\n","protected":false},"featured_media":38011,"comment_status":"open","ping_status":"closed","template":"","meta":{"om_disable_all_campaigns":false,"_monsterinsights_skip_tracking":false,"_monsterinsights_sitenote_active":false,"_monsterinsights_sitenote_note":"","_monsterinsights_sitenote_category":0,"_uf_show_specific_survey":0,"_uf_disable_surveys":false},"product_brand":[1217],"product_cat":[1300],"product_tag":[1135,1096,823,885,753,1072,744,746,873,1102],"class_list":{"0":"post-37989","1":"product","2":"type-product","3":"status-publish","4":"has-post-thumbnail","6":"product_brand-ibags-belts","7":"product_cat-mini-carteras","8":"product_tag-accesorios-y-complementos","9":"product_tag-artesania","10":"product_tag-bolso-piel","11":"product_tag-cartera","12":"product_tag-complementos-de-cuero","13":"product_tag-cuero","14":"product_tag-estilo-bohochic","15":"product_tag-estilo-hippiechic","16":"product_tag-monedero","17":"product_tag-piel","19":"first","20":"instock","21":"shipping-taxable","22":"purchasable","23":"product-type-simple","24":"add-to-wishlist-after_add_to_cart","25":"layout-style-1","26":"col-md-4 col-sm-4 col-xs-6","27":"col-lg-3","28":"product-has-gallery","29":"product-style-default"},"aioseo_notices":[],"_links":{"self":[{"href":"https:\/\/www.ibagsbelts.com\/tienda\/wp-json\/wp\/v2\/product\/37989","targetHints":{"allow":["GET"]}}],"collection":[{"href":"https:\/\/www.ibagsbelts.com\/tienda\/wp-json\/wp\/v2\/product"}],"about":[{"href":"https:\/\/www.ibagsbelts.com\/tienda\/wp-json\/wp\/v2\/types\/product"}],"replies":[{"embeddable":true,"href":"https:\/\/www.ibagsbelts.com\/tienda\/wp-json\/wp\/v2\/comments?post=37989"}],"wp:featuredmedia":[{"embeddable":true,"href":"https:\/\/www.ibagsbelts.com\/tienda\/wp-json\/wp\/v2\/media\/38011"}],"wp:attachment":[{"href":"https:\/\/www.ibagsbelts.com\/tienda\/wp-json\/wp\/v2\/media?parent=37989"}],"wp:term":[{"taxonomy":"product_brand","embeddable":true,"href":"https:\/\/www.ibagsbelts.com\/tienda\/wp-json\/wp\/v2\/product_brand?post=37989"},{"taxonomy":"product_cat","embeddable":true,"href":"https:\/\/www.ibagsbelts.com\/tienda\/wp-json\/wp\/v2\/product_cat?post=37989"},{"taxonomy":"product_tag","embeddable":true,"href":"https:\/\/www.ibagsbelts.com\/tienda\/wp-json\/wp\/v2\/product_tag?post=37989"}],"curies":[{"name":"wp","href":"https:\/\/api.w.org\/{rel}","templated":true}]}}