{"id":38162,"date":"2025-11-13T22:08:10","date_gmt":"2025-11-13T21:08:10","guid":{"rendered":"https:\/\/www.ibagsbelts.com\/tienda\/?post_type=product&#038;p=38162"},"modified":"2026-03-08T13:11:45","modified_gmt":"2026-03-08T12:11:45","slug":"bolso-bandolera-de-cuero-artesanal-con-incrustaciones-metalicas","status":"publish","type":"product","link":"https:\/\/www.ibagsbelts.com\/tienda\/producto\/bolso-bandolera-de-cuero-artesanal-con-incrustaciones-metalicas\/","title":{"rendered":"Bolso bandolera de cuero artesanal con incrustaciones met\u00e1licas"},"content":{"rendered":"<p class=\"p1\">\ud83d\udc5c<b> Bolso bandolera de cuero artesanal Camel con incrustaciones met\u00e1licas<\/b><\/p>\n<p class=\"p1\" style=\"text-align: left;\">Un bolso \u00fanico que combina <b>artesan\u00eda tradicional y estilo boho-chic<\/b>.<\/p>\n<p class=\"p1\" style=\"text-align: left;\">Elaborado en <b>cuero natural de alta calidad<\/b>, este modelo destaca por su detallado trabajo de <b>grabados geom\u00e9tricos, tachuelas met\u00e1licas<\/b> y un <b>adorno central con piedra decorativa<\/b>, que le aporta un toque distintivo y elegante.<\/p>\n<p class=\"p1\" style=\"text-align: left;\">Su dise\u00f1o estructurado y su <b>correa larga ajustable<\/b> permiten llevarlo c\u00f3modamente al hombro o cruzado, ideal tanto para el d\u00eda a d\u00eda como para ocasiones especiales.<\/p>\n<p class=\"p1\" style=\"text-align: left;\">\u2728 <b>Detalles del producto:<\/b><\/p>\n<p class=\"p1\" style=\"text-align: left;\">\u2022Material: Cuero natural 100 %<\/p>\n<p class=\"p1\" style=\"text-align: left;\">\u2022Cierre: Solapa con broche<\/p>\n<p class=\"p1\" style=\"text-align: left;\">\u2022Estilo: Boho artesanal<\/p>\n<p class=\"p1\" style=\"text-align: left;\">\u2022Correa larga ajustable<\/p>\n<p class=\"p1\" style=\"text-align: left;\">\u2022Detalles met\u00e1licos e incrustaciones decorativas<\/p>\n<p class=\"p1\" style=\"text-align: left;\">\u2022Hecho a mano con t\u00e9cnicas artesanales tradicionales<\/p>\n<p class=\"p3\" style=\"text-align: left;\">Este bolso no es solo un accesorio, es una <b>pieza de arte funcional<\/b>, perfecta para quienes valoran la autenticidad, el dise\u00f1o y la calidad.<\/p>\n<p class=\"p3\" style=\"text-align: center;\"><strong>Aviso importante<\/strong><\/p>\n<p>Todos nuestros productos de cuero est\u00e1n hechos a mano y su nueva bolsa de cuero puede estar sujeta a una variaci\u00f3n natural en tama\u00f1o y color.<br \/>\nPara los tama\u00f1os, permita 1-2 cm difiere debido a la medida manual.<br \/>\nLas im\u00e1genes son 100% reales.<br \/>\nDebido al monitor del ordenador y el brillo real de la toma y otras razones, habr\u00e1 una cierta diferencia de color.<\/p>\n<!-- AddThis Advanced Settings generic via filter on the_content --><!-- AddThis Share Buttons generic via filter on the_content -->","protected":false},"excerpt":{"rendered":"<p class=\"p1\" style=\"text-align: left;\">Un bolso \u00fanico que combina <b>artesan\u00eda tradicional y estilo boho-chic<\/b>.<\/p>\n<p class=\"p1\" style=\"text-align: left;\">Elaborado en <b>cuero natural de alta calidad<\/b>, este modelo destaca por su detallado trabajo de <b>grabados geom\u00e9tricos, tachuelas met\u00e1licas<\/b> y un <b>adorno central con piedra decorativa<\/b>, que le aporta un toque distintivo y elegante.<\/p>\n<p class=\"p1\" style=\"text-align: left;\">Su dise\u00f1o estructurado y su <b>correa larga ajustable<\/b> permiten llevarlo c\u00f3modamente al hombro o cruzado, ideal tanto para el d\u00eda a d\u00eda como para ocasiones especiales.<\/p>\n<p class=\"p1\" style=\"text-align: left;\">Hecho a mano con t\u00e9cnicas artesanales tradicionales. Este bolso no es solo un accesorio, es una <b>pieza de arte funcional<\/b>, perfecta para quienes valoran la autenticidad, el dise\u00f1o y la calidad.<\/p>\n<p style=\"text-align: left;\"><span class=\"a-list-item\">Tama\u00f1o: Longitud x Ancho x Altura = 30 cm x 23 cm x 5 cm.<\/span><\/p>\n<h5 style=\"text-align: center;\"><strong>\u00bfAlguna duda? Ponte en contacto con nosotros a trav\u00e9s del bot\u00f3n del chat directo por whatsapp y te resolveremos las dudas al instante!<\/strong><\/h5>\n<p><!-- AddThis Advanced Settings generic via filter on get_the_excerpt --><!-- AddThis Share Buttons generic via filter on get_the_excerpt --><\/p>\n","protected":false},"featured_media":38164,"comment_status":"open","ping_status":"closed","template":"","meta":{"om_disable_all_campaigns":false,"_monsterinsights_skip_tracking":false,"_monsterinsights_sitenote_active":false,"_monsterinsights_sitenote_note":"","_monsterinsights_sitenote_category":0,"_uf_show_specific_survey":0,"_uf_disable_surveys":false},"product_brand":[1217],"product_cat":[240],"product_tag":[301,877,266,1020,305,316,783,277],"class_list":{"0":"post-38162","1":"product","2":"type-product","3":"status-publish","4":"has-post-thumbnail","6":"product_brand-ibags-belts","7":"product_cat-bolsos-bandoleras-de-cuero-artesanal","8":"product_tag-bandolera","9":"product_tag-bandoleras","10":"product_tag-bolso-bohemian-bolso-cuero-repujado-bolsos-cuero-retro-bolso-shopper-cuero-bolso-cuero-trenzado-bolso-cuero-troquelado","11":"product_tag-bolso-boho","12":"product_tag-bolso-cuero-artesanal","13":"product_tag-bolso-cuero-con-tachuelas","14":"product_tag-bolso-cuero-grabado","15":"product_tag-bolsos-cuero-retro-bolso-shopper-cuero-bolso-cuero-trenzado-bolso-cuero-troquelado-bolso-cuero-vaca-bolso-cuero-viaje-hombre","17":"first","18":"instock","19":"shipping-taxable","20":"purchasable","21":"product-type-simple","22":"add-to-wishlist-after_add_to_cart","23":"layout-style-1","24":"col-md-4 col-sm-4 col-xs-6","25":"col-lg-3","26":"product-has-gallery","27":"product-style-default"},"aioseo_notices":[],"_links":{"self":[{"href":"https:\/\/www.ibagsbelts.com\/tienda\/wp-json\/wp\/v2\/product\/38162","targetHints":{"allow":["GET"]}}],"collection":[{"href":"https:\/\/www.ibagsbelts.com\/tienda\/wp-json\/wp\/v2\/product"}],"about":[{"href":"https:\/\/www.ibagsbelts.com\/tienda\/wp-json\/wp\/v2\/types\/product"}],"replies":[{"embeddable":true,"href":"https:\/\/www.ibagsbelts.com\/tienda\/wp-json\/wp\/v2\/comments?post=38162"}],"wp:featuredmedia":[{"embeddable":true,"href":"https:\/\/www.ibagsbelts.com\/tienda\/wp-json\/wp\/v2\/media\/38164"}],"wp:attachment":[{"href":"https:\/\/www.ibagsbelts.com\/tienda\/wp-json\/wp\/v2\/media?parent=38162"}],"wp:term":[{"taxonomy":"product_brand","embeddable":true,"href":"https:\/\/www.ibagsbelts.com\/tienda\/wp-json\/wp\/v2\/product_brand?post=38162"},{"taxonomy":"product_cat","embeddable":true,"href":"https:\/\/www.ibagsbelts.com\/tienda\/wp-json\/wp\/v2\/product_cat?post=38162"},{"taxonomy":"product_tag","embeddable":true,"href":"https:\/\/www.ibagsbelts.com\/tienda\/wp-json\/wp\/v2\/product_tag?post=38162"}],"curies":[{"name":"wp","href":"https:\/\/api.w.org\/{rel}","templated":true}]}}