{"id":38218,"date":"2025-11-16T11:28:02","date_gmt":"2025-11-16T10:28:02","guid":{"rendered":"https:\/\/www.ibagsbelts.com\/tienda\/?post_type=product&#038;p=38218"},"modified":"2026-03-07T22:50:55","modified_gmt":"2026-03-07T21:50:55","slug":"llavero-chamrs-de-cuero-con-forma-de-perro","status":"publish","type":"product","link":"https:\/\/www.ibagsbelts.com\/tienda\/producto\/llavero-chamrs-de-cuero-con-forma-de-perro\/","title":{"rendered":"Llavero chamrs de cuero con forma de perro"},"content":{"rendered":"<p class=\"p1\" style=\"text-align: left;\"><b>Adorno para bolso con forma de perro en piel italiana<\/b><\/p>\n<p class=\"p2\" style=\"text-align: left;\">Adorno para bolso con forma de perro, elaborado en piel italiana y disponible en una amplia gama de colores. Puede utilizarse como adorno en el bolso, la correa o incluso como llavero.<\/p>\n<p class=\"p2\" style=\"text-align: left;\">Personaliza tu bolso con adornos y ad\u00e1ptalo a tus necesidades y a tu estilo.<br \/>\nPuedes usarlo solo o combinado con otros adornos.<\/p>\n<p class=\"p2\" style=\"text-align: left;\">Si tienes un bolso completamente sencillo y cl\u00e1sico, puedes usar adornos para darle un aspecto m\u00e1s femenino, deportivo y desenfadado, dependiendo del adorno que uses.<\/p>\n<p class=\"p2\" style=\"text-align: left;\">Al utilizar m\u00e1s adornos y accesorios para tus bolsos, tambi\u00e9n puedes conseguir un estilo m\u00e1s divertido y personal.<\/p>\n<p class=\"p2\" style=\"text-align: left;\">Este adorno para bolso tiene un clip para que puedas sujetarlo f\u00e1cilmente a tu bolso o llaves. Tambi\u00e9n incluye una anilla para llavero.<br \/>\nSon de color dorado.<\/p>\n<p class=\"p2\" style=\"text-align: left;\">Si tu bolso tiene una correa de hombro extra\u00edble, tambi\u00e9n puedes cambiarla por una estampada, de un color que contraste, m\u00e1s ancha, m\u00e1s fina, etc. Combinada con adornos, le dar\u00e1s un aire totalmente nuevo. As\u00ed podr\u00e1s jugar con su estilo y personalidad.<br \/>\nPuedes ver nuestra selecci\u00f3n completa de correas para bolsos aqu\u00ed, y aqu\u00ed encontrar\u00e1s nuestros diferentes complementos<\/p>\n<p class=\"p2\" style=\"text-align: left;\">MEDIDAS:<\/p>\n<p class=\"p2\" style=\"text-align: left;\">Ancho: 5 cm<br \/>\nAlto: 9 cm<\/p>\n<p class=\"p2\"><strong>Aviso importante<\/strong><\/p>\n<p style=\"text-align: left;\">Todos nuestros productos de cuero est\u00e1n hechos a mano y su nuevo articulo de cuero puede estar sujeta a una variaci\u00f3n natural en tama\u00f1o y color.<br \/>\nLas im\u00e1genes son 100% reales.<br \/>\nDebido al monitor del ordenador y el brillo real de la toma y otras razones, habr\u00e1 una cierta diferencia de color.<\/p>\n<!-- AddThis Advanced Settings generic via filter on the_content --><!-- AddThis Share Buttons generic via filter on the_content -->","protected":false},"excerpt":{"rendered":"<p class=\"p1\">Llavero Dog Charm. Con un dise\u00f1o l\u00fadico en forma de perro, este accesorio a\u00f1ade un toque de personalidad a tus llaves, bolso o incluso a tu tel\u00e9fono. Hecho de cuero de alta calidad, cuenta con una sensaci\u00f3n suave y texturizada y un aspecto lujoso.<\/p>\n<p class=\"p1\">La robusta cadena en tonos dorados y el cierre de langosta aseguran que sus llaves permanezcan firmemente sujetas, mientras que el tama\u00f1o compacto de perro hace que sea f\u00e1cil de transportar.<\/p>\n<div class=\"woocommerce-product-details__short-description\">\n<h5 style=\"text-align: center;\"><strong>\u00bfAlguna duda? Ponte en contacto con nosotros a trav\u00e9s del bot\u00f3n del chat directo por whatsApp y te resolveremos las dudas al instante!<\/strong><\/h5>\n<\/div>\n<p><!-- AddThis Advanced Settings generic via filter on get_the_excerpt --><!-- AddThis Share Buttons generic via filter on get_the_excerpt --><\/p>\n","protected":false},"featured_media":38263,"comment_status":"open","ping_status":"closed","template":"","meta":{"om_disable_all_campaigns":false,"_monsterinsights_skip_tracking":false,"_monsterinsights_sitenote_active":false,"_monsterinsights_sitenote_note":"","_monsterinsights_sitenote_category":0,"_uf_show_specific_survey":0,"_uf_disable_surveys":false},"product_brand":[1217],"product_cat":[1304],"product_tag":[1135,1096,1271,753,1072,1195],"class_list":{"0":"post-38218","1":"product","2":"type-product","3":"status-publish","4":"has-post-thumbnail","6":"product_brand-ibags-belts","7":"product_cat-llaveros","8":"product_tag-accesorios-y-complementos","9":"product_tag-artesania","10":"product_tag-chamrs","11":"product_tag-complementos-de-cuero","12":"product_tag-cuero","13":"product_tag-llavero","15":"first","16":"instock","17":"shipping-taxable","18":"purchasable","19":"product-type-variable","20":"add-to-wishlist-after_add_to_cart","21":"layout-style-1","22":"col-md-4 col-sm-4 col-xs-6","23":"col-lg-3","24":"product-has-gallery","25":"product-style-default"},"aioseo_notices":[],"_links":{"self":[{"href":"https:\/\/www.ibagsbelts.com\/tienda\/wp-json\/wp\/v2\/product\/38218","targetHints":{"allow":["GET"]}}],"collection":[{"href":"https:\/\/www.ibagsbelts.com\/tienda\/wp-json\/wp\/v2\/product"}],"about":[{"href":"https:\/\/www.ibagsbelts.com\/tienda\/wp-json\/wp\/v2\/types\/product"}],"replies":[{"embeddable":true,"href":"https:\/\/www.ibagsbelts.com\/tienda\/wp-json\/wp\/v2\/comments?post=38218"}],"wp:featuredmedia":[{"embeddable":true,"href":"https:\/\/www.ibagsbelts.com\/tienda\/wp-json\/wp\/v2\/media\/38263"}],"wp:attachment":[{"href":"https:\/\/www.ibagsbelts.com\/tienda\/wp-json\/wp\/v2\/media?parent=38218"}],"wp:term":[{"taxonomy":"product_brand","embeddable":true,"href":"https:\/\/www.ibagsbelts.com\/tienda\/wp-json\/wp\/v2\/product_brand?post=38218"},{"taxonomy":"product_cat","embeddable":true,"href":"https:\/\/www.ibagsbelts.com\/tienda\/wp-json\/wp\/v2\/product_cat?post=38218"},{"taxonomy":"product_tag","embeddable":true,"href":"https:\/\/www.ibagsbelts.com\/tienda\/wp-json\/wp\/v2\/product_tag?post=38218"}],"curies":[{"name":"wp","href":"https:\/\/api.w.org\/{rel}","templated":true}]}}