{"id":38742,"date":"2025-12-16T21:38:36","date_gmt":"2025-12-16T20:38:36","guid":{"rendered":"https:\/\/www.ibagsbelts.com\/tienda\/?post_type=product&#038;p=38742"},"modified":"2026-04-13T22:50:41","modified_gmt":"2026-04-13T20:50:41","slug":"bolso-de-cuero-rojo-con-ojales","status":"publish","type":"product","link":"https:\/\/www.ibagsbelts.com\/tienda\/producto\/bolso-de-cuero-rojo-con-ojales\/","title":{"rendered":"Bolso de cuero rojo con ojales"},"content":{"rendered":"<p class=\"p1\" style=\"text-align: left;\">Bolso de cuero con ojales, de estilo moderno y car\u00e1cter sofisticado, <b>fabricado en piel aut\u00e9ntica en Italia<\/b>. Su dise\u00f1o funcional y elegante lo convierte en un complemento ideal para el d\u00eda a d\u00eda, combinando practicidad y estilo.<\/p>\n<p class=\"p1\" style=\"text-align: left;\">Cuenta con un <b>compartimento principal con cremallera<\/b>, adem\u00e1s de varios bolsillos interiores y exteriores que facilitan la organizaci\u00f3n y aportan seguridad a tus objetos personales. La <b>correa ajustable y desmontable<\/b> permite llevarlo al hombro o cruzado, adapt\u00e1ndose a cualquier ocasi\u00f3n.<\/p>\n<p class=\"p1\" style=\"text-align: left;\"><b>Caracter\u00edsticas<\/b><\/p>\n<p class=\"p1\" style=\"text-align: left;\">\u2022Material: Piel aut\u00e9ntica<\/p>\n<p class=\"p1\" style=\"text-align: left;\">\u2022Fabricaci\u00f3n: Made in Italy<\/p>\n<p class=\"p1\" style=\"text-align: left;\">\u2022Compartimento principal con cremallera<\/p>\n<p class=\"p1\" style=\"text-align: left;\">\u2022Bolsillo interior para tel\u00e9fono<\/p>\n<p class=\"p1\" style=\"text-align: left;\">\u2022Bolsillo interior con cremallera<\/p>\n<p class=\"p1\" style=\"text-align: left;\">\u2022Bolsillo trasero con cremallera<\/p>\n<p class=\"p1\" style=\"text-align: left;\">\u2022Correa ajustable y desmontable<\/p>\n<p class=\"p1\" style=\"text-align: left;\">\u2022Longitud de la correa: 70 cm (m\u00edn.) \u2013 129 cm (m\u00e1x.)<\/p>\n<p class=\"p1\" style=\"text-align: left;\">\u2022Medidas:<\/p>\n<p class=\"p1\" style=\"text-align: left;\">\u2022Altura: 16 cm<\/p>\n<p class=\"p1\" style=\"text-align: left;\">\u2022Ancho en la base: 31 cm<\/p>\n<p class=\"p3\" style=\"text-align: left;\">\u2022Profundidad: 8 cm<\/p>\n<!-- AddThis Advanced Settings generic via filter on the_content --><!-- AddThis Share Buttons generic via filter on the_content -->","protected":false},"excerpt":{"rendered":"<p class=\"p1\">Un bolso vers\u00e1til y atemporal, perfecto para quienes buscan <b>calidad italiana, dise\u00f1o actual y m\u00e1xima funcionalidad<\/b> en un solo accesorio.<\/p>\n<p class=\"p2\">Cuenta con un <b>compartimento principal con cremallera<\/b>, adem\u00e1s de varios bolsillos interiores y exteriores que facilitan la organizaci\u00f3n y aportan seguridad a tus objetos personales. La <b>correa ajustable y desmontable<\/b> permite llevarlo al hombro o cruzado, adapt\u00e1ndose a cualquier ocasi\u00f3n.<\/p>\n<p class=\"p1\">Medidas: \u2022Altura: 16 cm \u2022Ancho en la base: 31 cm \u2022Profundidad: 8 cm<\/p>\n<div class=\"woocommerce-product-details__short-description\">\n<h5 style=\"text-align: center;\"><strong>\u00bfAlguna duda? Ponte en contacto con nosotros a trav\u00e9s del bot\u00f3n del chat directo por whatsApp y te resolveremos las dudas al instante!<\/strong><\/h5>\n<\/div>\n<p><!-- AddThis Advanced Settings generic via filter on get_the_excerpt --><!-- AddThis Share Buttons generic via filter on get_the_excerpt --><\/p>\n","protected":false},"featured_media":38715,"comment_status":"open","ping_status":"closed","template":"","meta":{"om_disable_all_campaigns":false,"_monsterinsights_skip_tracking":false,"_monsterinsights_sitenote_active":false,"_monsterinsights_sitenote_note":"","_monsterinsights_sitenote_category":0,"_uf_show_specific_survey":0,"_uf_disable_surveys":false},"product_brand":[1217],"product_cat":[240,757,1017],"product_tag":[1135,301,877,266,299,316,255,1140,823,1036,727,281,753],"class_list":{"0":"post-38742","1":"product","2":"type-product","3":"status-publish","4":"has-post-thumbnail","6":"product_brand-ibags-belts","7":"product_cat-bolsos-bandoleras-de-cuero-artesanal","8":"product_cat-bolso-clutch","9":"product_cat-mas-vendidos","10":"product_tag-accesorios-y-complementos","11":"product_tag-bandolera","12":"product_tag-bandoleras","13":"product_tag-bolso-bohemian-bolso-cuero-repujado-bolsos-cuero-retro-bolso-shopper-cuero-bolso-cuero-trenzado-bolso-cuero-troquelado","14":"product_tag-bolso-cuero","15":"product_tag-bolso-cuero-con-tachuelas","16":"product_tag-bolso-cuero-mujer","17":"product_tag-bolso-hombro","18":"product_tag-bolso-piel","19":"product_tag-bolso-piel-italiano","20":"product_tag-bolsos-bandoleras-cuero","21":"product_tag-bolso-bohemian-bolso-cuero-para-hombre-bolso-cuero-repujado-bolsos-cuero-retro-bolso-shopper-cuero-bolso-cuero-trenzado-bolso-cuero-troquelado-bolso-cuero-vaca-bolso-cuero-viaje-hombre","22":"product_tag-complementos-de-cuero","24":"first","25":"instock","26":"shipping-taxable","27":"purchasable","28":"product-type-simple","29":"add-to-wishlist-after_add_to_cart","30":"layout-style-1","31":"col-md-4 col-sm-4 col-xs-6","32":"col-lg-3","33":"product-has-gallery","34":"product-style-default"},"aioseo_notices":[],"_links":{"self":[{"href":"https:\/\/www.ibagsbelts.com\/tienda\/wp-json\/wp\/v2\/product\/38742","targetHints":{"allow":["GET"]}}],"collection":[{"href":"https:\/\/www.ibagsbelts.com\/tienda\/wp-json\/wp\/v2\/product"}],"about":[{"href":"https:\/\/www.ibagsbelts.com\/tienda\/wp-json\/wp\/v2\/types\/product"}],"replies":[{"embeddable":true,"href":"https:\/\/www.ibagsbelts.com\/tienda\/wp-json\/wp\/v2\/comments?post=38742"}],"wp:featuredmedia":[{"embeddable":true,"href":"https:\/\/www.ibagsbelts.com\/tienda\/wp-json\/wp\/v2\/media\/38715"}],"wp:attachment":[{"href":"https:\/\/www.ibagsbelts.com\/tienda\/wp-json\/wp\/v2\/media?parent=38742"}],"wp:term":[{"taxonomy":"product_brand","embeddable":true,"href":"https:\/\/www.ibagsbelts.com\/tienda\/wp-json\/wp\/v2\/product_brand?post=38742"},{"taxonomy":"product_cat","embeddable":true,"href":"https:\/\/www.ibagsbelts.com\/tienda\/wp-json\/wp\/v2\/product_cat?post=38742"},{"taxonomy":"product_tag","embeddable":true,"href":"https:\/\/www.ibagsbelts.com\/tienda\/wp-json\/wp\/v2\/product_tag?post=38742"}],"curies":[{"name":"wp","href":"https:\/\/api.w.org\/{rel}","templated":true}]}}