{"id":40794,"date":"2026-04-10T23:48:51","date_gmt":"2026-04-10T21:48:51","guid":{"rendered":"https:\/\/www.ibagsbelts.com\/tienda\/?post_type=product&#038;p=40794"},"modified":"2026-04-18T13:09:47","modified_gmt":"2026-04-18T11:09:47","slug":"bolso-de-mano-en-cuero-color-amarillo-claro-hellen","status":"publish","type":"product","link":"https:\/\/www.ibagsbelts.com\/tienda\/producto\/bolso-de-mano-en-cuero-color-amarillo-claro-hellen\/","title":{"rendered":"Bolso de mano en cuero color vainilla Hellen"},"content":{"rendered":"<p style=\"text-align: left;\">\u00a1Este bolso de mano o clutch es el complemento perfecto para tus noches de fiesta con amigas! Con un dise\u00f1o casual, coqueto y elegante, este bolso est\u00e1 hecho para impresionar.<\/p>\n<p style=\"text-align: left;\">Confeccionado con cuero de calidad, este bolso no solo es hermoso, sino tambi\u00e9n duradero. Su cierre met\u00e1lico en forma de bisagra garantizan que tus llaves, monedero y m\u00f3vil est\u00e9n bien guardados y seguros durante toda la noche.<\/p>\n<p style=\"text-align: left;\">Con unas medidas de 15 cm de alto, 25 cm de largo y 3 cm de ancho, este clutch es lo suficientemente espacioso para llevar todo lo que necesitas sin sacrificar tu estilo. \u00a1Prep\u00e1rate para brillar en tu pr\u00f3xima salida con este fant\u00e1stico bolso de mano!<\/p>\n<p style=\"text-align: left;\"><strong>Aviso importante<\/strong><\/p>\n<p style=\"text-align: left;\">Todos nuestros productos de cuero est\u00e1n hechos a mano y su nueva bolsa de cuero puede estar sujeta a una variaci\u00f3n natural en tama\u00f1o y color.<br \/>\nPara los tama\u00f1os, permita 1-2 cm difiere debido a la medida manual.<br \/>\nLas im\u00e1genes son 100% reales.<br \/>\nDebido al monitor del ordenador y el brillo real de la toma y otras razones, habr\u00e1 una cierta diferencia de color.<\/p>\n<!-- AddThis Advanced Settings generic via filter on the_content --><!-- AddThis Share Buttons generic via filter on the_content -->","protected":false},"excerpt":{"rendered":"<p style=\"text-align: left;\">\u00a1Este bolso de mano o clutch es el complemento perfecto para tus noches de fiesta con amigas! Con un dise\u00f1o casual, coqueto y elegante, este bolso est\u00e1 hecho para impresionar.<\/p>\n<p style=\"text-align: left;\">Confeccionado con cuero de calidad, este bolso no solo es hermoso, sino tambi\u00e9n duradero. Su cierre met\u00e1lico en forma de bisagra garantizan que tus llaves, monedero y m\u00f3vil est\u00e9n bien guardados y seguros durante toda la noche.<\/p>\n<p style=\"text-align: left;\">Con unas medidas de 15 cm de alto, 25 cm de largo y 3 cm de ancho, este clutch es lo suficientemente espacioso para llevar todo lo que necesitas sin sacrificar tu estilo. \u00a1Prep\u00e1rate para brillar en tu pr\u00f3xima salida con este fant\u00e1stico bolso de mano!<\/p>\n<h5 style=\"text-align: center;\"><strong>\u00bfAlguna duda? Ponte en contacto con nosotros a trav\u00e9s del bot\u00f3n del chat directo por whatsApp y te resolveremos las dudas al instante!<\/strong><\/h5>\n<p><!-- AddThis Advanced Settings generic via filter on get_the_excerpt --><!-- AddThis Share Buttons generic via filter on get_the_excerpt --><\/p>\n","protected":false},"featured_media":40770,"comment_status":"open","ping_status":"closed","template":"","meta":{"om_disable_all_campaigns":false,"_monsterinsights_skip_tracking":false,"_monsterinsights_sitenote_active":false,"_monsterinsights_sitenote_note":"","_monsterinsights_sitenote_category":0,"_uf_show_specific_survey":0,"_uf_disable_surveys":false},"product_brand":[1217],"product_cat":[240,757,1016],"product_tag":[301,877,266,299,309,782,1153,1145,1036,905,749,744],"class_list":{"0":"post-40794","1":"product","2":"type-product","3":"status-publish","4":"has-post-thumbnail","6":"product_brand-ibags-belts","7":"product_cat-bolsos-bandoleras-de-cuero-artesanal","8":"product_cat-bolso-clutch","9":"product_cat-nuevos","10":"product_tag-bandolera","11":"product_tag-bandoleras","12":"product_tag-bolso-bohemian-bolso-cuero-repujado-bolsos-cuero-retro-bolso-shopper-cuero-bolso-cuero-trenzado-bolso-cuero-troquelado","13":"product_tag-bolso-cuero","14":"product_tag-bolso-cuero-mano","15":"product_tag-bolso-de-cuero-hecho-a-mano","16":"product_tag-bolso-de-mano","17":"product_tag-bolso-mano","18":"product_tag-bolso-piel-italiano","19":"product_tag-casual","20":"product_tag-clutch","21":"product_tag-estilo-bohochic","23":"first","24":"instock","25":"shipping-taxable","26":"purchasable","27":"product-type-simple","28":"add-to-wishlist-after_add_to_cart","29":"layout-style-1","30":"col-md-4 col-sm-4 col-xs-6","31":"col-lg-3","32":"product-has-gallery","33":"product-style-default"},"aioseo_notices":[],"_links":{"self":[{"href":"https:\/\/www.ibagsbelts.com\/tienda\/wp-json\/wp\/v2\/product\/40794","targetHints":{"allow":["GET"]}}],"collection":[{"href":"https:\/\/www.ibagsbelts.com\/tienda\/wp-json\/wp\/v2\/product"}],"about":[{"href":"https:\/\/www.ibagsbelts.com\/tienda\/wp-json\/wp\/v2\/types\/product"}],"replies":[{"embeddable":true,"href":"https:\/\/www.ibagsbelts.com\/tienda\/wp-json\/wp\/v2\/comments?post=40794"}],"wp:featuredmedia":[{"embeddable":true,"href":"https:\/\/www.ibagsbelts.com\/tienda\/wp-json\/wp\/v2\/media\/40770"}],"wp:attachment":[{"href":"https:\/\/www.ibagsbelts.com\/tienda\/wp-json\/wp\/v2\/media?parent=40794"}],"wp:term":[{"taxonomy":"product_brand","embeddable":true,"href":"https:\/\/www.ibagsbelts.com\/tienda\/wp-json\/wp\/v2\/product_brand?post=40794"},{"taxonomy":"product_cat","embeddable":true,"href":"https:\/\/www.ibagsbelts.com\/tienda\/wp-json\/wp\/v2\/product_cat?post=40794"},{"taxonomy":"product_tag","embeddable":true,"href":"https:\/\/www.ibagsbelts.com\/tienda\/wp-json\/wp\/v2\/product_tag?post=40794"}],"curies":[{"name":"wp","href":"https:\/\/api.w.org\/{rel}","templated":true}]}}