{"id":41085,"date":"2026-04-18T22:12:21","date_gmt":"2026-04-18T20:12:21","guid":{"rendered":"https:\/\/www.ibagsbelts.com\/tienda\/?post_type=product&#038;p=41085"},"modified":"2026-04-18T22:14:19","modified_gmt":"2026-04-18T20:14:19","slug":"bolso-de-cuero-vainilla-liso-mini-con-cadena-viviana","status":"publish","type":"product","link":"https:\/\/www.ibagsbelts.com\/tienda\/producto\/bolso-de-cuero-vainilla-liso-mini-con-cadena-viviana\/","title":{"rendered":"Bolso de cuero vainilla liso mini con cadena Viviana"},"content":{"rendered":"<p><b>Elegancia Minimalista<\/b><\/p>\n<p>Este bolso de mano Viviana destaca por su dise\u00f1o sofisticado y vers\u00e1til. Fabricado en piel de alta calidad y cierre de Bamb\u00fa en un elegante tono elegante, combina a la perfecci\u00f3n con cualquier look. Su cadena dorada desmontable aporta un toque de glamour y permite llevarlo c\u00f3modamente al hombro o como bolso de mano.<\/p>\n<p>Cuenta con cierre en la solapa de bamb\u00fa para mayor seguridad y un interior para tus esenciales diarios. Ideal para ocasiones especiales o para dar un toque chic a tu outfit cotidiano.<\/p>\n<p><b>Medidas:<\/b>\u00a0 17 cm de ancho x 9 cm de fondo x 11 cm de alto.<\/p>\n<p><strong>Aviso importante<\/strong><\/p>\n<p>Todos nuestros productos de cuero est\u00e1n hechos a mano y su nueva bolsa de cuero puede estar sujeta a una variaci\u00f3n natural en tama\u00f1o y color.<br \/>\nPara los tama\u00f1os, permita 1-2 cm difiere debido a la medida manual.<br \/>\nLas im\u00e1genes son 100% reales.<br \/>\nDebido al monitor del ordenador y el brillo real de la toma y otras razones, habr\u00e1 una cierta diferencia de color.<\/p>\n<!-- AddThis Advanced Settings generic via filter on the_content --><!-- AddThis Share Buttons generic via filter on the_content -->","protected":false},"excerpt":{"rendered":"<p class=\"p1\" style=\"text-align: center;\"><b>Elegancia Minimalista<\/b><\/p>\n<p class=\"p1\" style=\"text-align: center;\">Este bolso de mano destaca por su dise\u00f1o sofisticado y vers\u00e1til. Fabricado en piel de alta calidad y cierre de Bamb\u00fa en un elegante tono elegante, combina a la perfecci\u00f3n con cualquier look. Su cadena dorada desmontable aporta un toque de glamour y permite llevarlo c\u00f3modamente al hombro o como bolso de mano.<\/p>\n<p class=\"p1\" style=\"text-align: center;\">Cuenta con cierre en la solapa de bamb\u00fa para mayor seguridad y un interior para tus esenciales diarios. Ideal para ocasiones especiales o para dar un toque chic a tu outfit cotidiano.<\/p>\n<p class=\"p1\" style=\"text-align: center;\"><b>Medidas:<\/b>\u00a0 17 cm de ancho x 9 cm de fondo x 11 cm de alto.<\/p>\n<h5 style=\"text-align: center;\"><strong>Alguna duda? Ponte en contacto con nosotros a trav\u00e9s del bot\u00f3n del chat directo por WhatsApp y te resolveremos las dudas al instante!<\/strong><\/h5>\n<p><!-- AddThis Advanced Settings generic via filter on get_the_excerpt --><!-- AddThis Share Buttons generic via filter on get_the_excerpt --><\/p>\n","protected":false},"featured_media":41076,"comment_status":"open","ping_status":"closed","template":"","meta":{"om_disable_all_campaigns":false,"_monsterinsights_skip_tracking":false,"_monsterinsights_sitenote_active":false,"_monsterinsights_sitenote_note":"","_monsterinsights_sitenote_category":0,"_uf_show_specific_survey":0,"_uf_disable_surveys":false},"product_brand":[1217],"product_cat":[240,757,1016],"product_tag":[1135,1044,301,877,266,299,268,255,823,1036,727,302,281,1214,1102],"class_list":{"0":"post-41085","1":"product","2":"type-product","3":"status-publish","4":"has-post-thumbnail","6":"product_brand-ibags-belts","7":"product_cat-bolsos-bandoleras-de-cuero-artesanal","8":"product_cat-bolso-clutch","9":"product_cat-nuevos","10":"product_tag-accesorios-y-complementos","11":"product_tag-ante","12":"product_tag-bandolera","13":"product_tag-bandoleras","14":"product_tag-bolso-bohemian-bolso-cuero-repujado-bolsos-cuero-retro-bolso-shopper-cuero-bolso-cuero-trenzado-bolso-cuero-troquelado","15":"product_tag-bolso-cuero","16":"product_tag-bolso-cuero-boho-bolso-cuero-con-tachuelas-bolsos-cuero-caballero-bolso-cuero-de-hombre-bolso-cuero-de-viaje-bolso-cuero-de-vaca-bolso-de-cuero-artesanal-bolso-de-cuero","17":"product_tag-bolso-cuero-mujer","18":"product_tag-bolso-piel","19":"product_tag-bolso-piel-italiano","20":"product_tag-bolsos-bandoleras-cuero","21":"product_tag-bolsos-de-cuero","22":"product_tag-bolso-bohemian-bolso-cuero-para-hombre-bolso-cuero-repujado-bolsos-cuero-retro-bolso-shopper-cuero-bolso-cuero-trenzado-bolso-cuero-troquelado-bolso-cuero-vaca-bolso-cuero-viaje-hombre","23":"product_tag-mini","24":"product_tag-piel","26":"first","27":"instock","28":"shipping-taxable","29":"purchasable","30":"product-type-simple","31":"add-to-wishlist-after_add_to_cart","32":"new","33":"layout-style-1","34":"col-md-4 col-sm-4 col-xs-6","35":"col-lg-3","36":"product-has-gallery","37":"product-style-default"},"aioseo_notices":[],"_links":{"self":[{"href":"https:\/\/www.ibagsbelts.com\/tienda\/wp-json\/wp\/v2\/product\/41085","targetHints":{"allow":["GET"]}}],"collection":[{"href":"https:\/\/www.ibagsbelts.com\/tienda\/wp-json\/wp\/v2\/product"}],"about":[{"href":"https:\/\/www.ibagsbelts.com\/tienda\/wp-json\/wp\/v2\/types\/product"}],"replies":[{"embeddable":true,"href":"https:\/\/www.ibagsbelts.com\/tienda\/wp-json\/wp\/v2\/comments?post=41085"}],"wp:featuredmedia":[{"embeddable":true,"href":"https:\/\/www.ibagsbelts.com\/tienda\/wp-json\/wp\/v2\/media\/41076"}],"wp:attachment":[{"href":"https:\/\/www.ibagsbelts.com\/tienda\/wp-json\/wp\/v2\/media?parent=41085"}],"wp:term":[{"taxonomy":"product_brand","embeddable":true,"href":"https:\/\/www.ibagsbelts.com\/tienda\/wp-json\/wp\/v2\/product_brand?post=41085"},{"taxonomy":"product_cat","embeddable":true,"href":"https:\/\/www.ibagsbelts.com\/tienda\/wp-json\/wp\/v2\/product_cat?post=41085"},{"taxonomy":"product_tag","embeddable":true,"href":"https:\/\/www.ibagsbelts.com\/tienda\/wp-json\/wp\/v2\/product_tag?post=41085"}],"curies":[{"name":"wp","href":"https:\/\/api.w.org\/{rel}","templated":true}]}}