{"id":41089,"date":"2026-04-18T23:14:12","date_gmt":"2026-04-18T21:14:12","guid":{"rendered":"https:\/\/www.ibagsbelts.com\/tienda\/?post_type=product&#038;p=41089"},"modified":"2026-04-18T23:22:58","modified_gmt":"2026-04-18T21:22:58","slug":"bolso-saco-de-cuero-rosa-chicle-liso-adela","status":"publish","type":"product","link":"https:\/\/www.ibagsbelts.com\/tienda\/producto\/bolso-saco-de-cuero-rosa-chicle-liso-adela\/","title":{"rendered":"Bolso saco de cuero rosa chicle liso Adela"},"content":{"rendered":"<p class=\"Standard\" style=\"text-align: left;\">El renacimiento del bolso bandolera saco es emocionante, y este modelo hecho de cuero artesanal suena encantador.<\/p>\n<p class=\"Standard\" style=\"text-align: left;\">La inclusi\u00f3n de un bolsillo interior con cremallera y un cierre de cord\u00f3n de ajuste estilo saco es muy pr\u00e1ctica para el d\u00eda a d\u00eda. La versatilidad de llevarlo con un asa larga ajustable agrega comodidad y estilo.<\/p>\n<p class=\"Standard\" style=\"text-align: left;\">\u00bfHay algo m\u00e1s que te gustar\u00eda saber o alg\u00fan otro detalle sobre este bolso que quieras destacar?<\/p>\n<p style=\"text-align: left;\"><strong>Aviso importante<\/strong><\/p>\n<p style=\"text-align: left;\">Todos nuestros productos de cuero est\u00e1n hechos a mano y su nuevo bolso de cuero puede estar sujeta a una variaci\u00f3n natural en tama\u00f1o y color.<\/p>\n<p style=\"text-align: left;\">Las pieles utilizadas han sido procesadas y curtidas en una de las curtidur\u00edas m\u00e1s antiguas utilizando t\u00e9cnicas centenarias para dar al cuero acabado un aspecto antiguo \/ vintage.<br \/>\nPara los tama\u00f1os, permita 1-2 cm diferencia debido a la medida manual.<br \/>\nLas im\u00e1genes son 100% reales.<br \/>\nDebido al monitor del ordenador y el brillo real de la toma y otras razones, habr\u00e1 una cierta diferencia de color.<\/p>\n<p>&nbsp;<\/p>\n<!-- AddThis Advanced Settings generic via filter on the_content --><!-- AddThis Share Buttons generic via filter on the_content -->","protected":false},"excerpt":{"rendered":"<p class=\"Standard\" style=\"text-align: left;\"><span lang=\"ES\">La moda del bolso saco regresa con fuerza, por eso te proponemos este hecho en cuero fabricado de forma artesanal.<\/span><\/p>\n<p class=\"Standard\" style=\"text-align: left;\"><span lang=\"ES\">Muy c\u00f3modo para llevar d\u00eda a d\u00eda tiene un asa bandolera que puedes ajustar a tu gusto, bolsillo interior con cremallera y cierre de cord\u00f3n de ajuste. El bolso saco es el complemento ideal que est\u00e1s buscando en tu estilo.<\/span><\/p>\n<h5 style=\"text-align: center;\"><strong>\u00bfAlguna duda? Ponte en contacto con nosotros a trav\u00e9s del bot\u00f3n del chat directo por whatsApp y te resolveremos las dudas al instante!<\/strong><\/h5>\n<p><!-- AddThis Advanced Settings generic via filter on get_the_excerpt --><!-- AddThis Share Buttons generic via filter on get_the_excerpt --><\/p>\n","protected":false},"featured_media":41104,"comment_status":"open","ping_status":"closed","template":"","meta":{"om_disable_all_campaigns":false,"_monsterinsights_skip_tracking":false,"_monsterinsights_sitenote_active":false,"_monsterinsights_sitenote_note":"","_monsterinsights_sitenote_category":0,"_uf_show_specific_survey":0,"_uf_disable_surveys":false},"product_brand":[1217],"product_cat":[240,40,381,1016],"product_tag":[301,877,266,327,303,299,305,329,823,1041,1210,727,293,1222,743,744,1313],"class_list":{"0":"post-41089","1":"product","2":"type-product","3":"status-publish","4":"has-post-thumbnail","6":"product_brand-ibags-belts","7":"product_cat-bolsos-bandoleras-de-cuero-artesanal","8":"product_cat-bolsos-de-hombro","9":"product_cat-bomboneras","10":"product_cat-nuevos","11":"product_tag-bandolera","12":"product_tag-bandoleras","13":"product_tag-bolso-bohemian-bolso-cuero-repujado-bolsos-cuero-retro-bolso-shopper-cuero-bolso-cuero-trenzado-bolso-cuero-troquelado","14":"product_tag-bolso-bandolera-cuero-bicolor","15":"product_tag-bolso-bohemian","16":"product_tag-bolso-cuero","17":"product_tag-bolso-cuero-artesanal","18":"product_tag-bolso-cuero-hippie","19":"product_tag-bolso-piel","20":"product_tag-bolso-saco","21":"product_tag-bolsocubo","22":"product_tag-bolsos-bandoleras-cuero","23":"product_tag-bombonera-cuero","24":"product_tag-cubo","25":"product_tag-estilo-boho","26":"product_tag-estilo-bohochic","27":"product_tag-judas","29":"first","30":"instock","31":"shipping-taxable","32":"purchasable","33":"product-type-simple","34":"add-to-wishlist-after_add_to_cart","35":"new","36":"layout-style-1","37":"col-md-4 col-sm-4 col-xs-6","38":"col-lg-3","39":"product-has-gallery","40":"product-style-default"},"aioseo_notices":[],"_links":{"self":[{"href":"https:\/\/www.ibagsbelts.com\/tienda\/wp-json\/wp\/v2\/product\/41089","targetHints":{"allow":["GET"]}}],"collection":[{"href":"https:\/\/www.ibagsbelts.com\/tienda\/wp-json\/wp\/v2\/product"}],"about":[{"href":"https:\/\/www.ibagsbelts.com\/tienda\/wp-json\/wp\/v2\/types\/product"}],"replies":[{"embeddable":true,"href":"https:\/\/www.ibagsbelts.com\/tienda\/wp-json\/wp\/v2\/comments?post=41089"}],"wp:featuredmedia":[{"embeddable":true,"href":"https:\/\/www.ibagsbelts.com\/tienda\/wp-json\/wp\/v2\/media\/41104"}],"wp:attachment":[{"href":"https:\/\/www.ibagsbelts.com\/tienda\/wp-json\/wp\/v2\/media?parent=41089"}],"wp:term":[{"taxonomy":"product_brand","embeddable":true,"href":"https:\/\/www.ibagsbelts.com\/tienda\/wp-json\/wp\/v2\/product_brand?post=41089"},{"taxonomy":"product_cat","embeddable":true,"href":"https:\/\/www.ibagsbelts.com\/tienda\/wp-json\/wp\/v2\/product_cat?post=41089"},{"taxonomy":"product_tag","embeddable":true,"href":"https:\/\/www.ibagsbelts.com\/tienda\/wp-json\/wp\/v2\/product_tag?post=41089"}],"curies":[{"name":"wp","href":"https:\/\/api.w.org\/{rel}","templated":true}]}}