{"id":4702,"date":"2019-06-01T10:02:17","date_gmt":"2019-06-01T08:02:17","guid":{"rendered":"https:\/\/www.ibagsbelts.com\/tienda\/?post_type=product&#038;p=4702"},"modified":"2026-03-15T19:57:12","modified_gmt":"2026-03-15T18:57:12","slug":"mochila-cuero-sol","status":"publish","type":"product","link":"https:\/\/www.ibagsbelts.com\/tienda\/producto\/mochila-cuero-sol\/","title":{"rendered":"Mochila de cuero camel dos soles Kin"},"content":{"rendered":"<p>La \u201cMochila de cuero dos soles\u201d parece ser una pieza artesanal y \u00fanica. Aqu\u00ed hay algunas caracter\u00edsticas destacadas:<\/p>\n<p>1. **Trabajo artesanal en cuero:** Destaca la atenci\u00f3n y dedicaci\u00f3n a la artesan\u00eda.<\/p>\n<p>2. **Detalles de dos soles:** Un dise\u00f1o distintivo y decorativo que agrega un toque \u00fanico.<\/p>\n<p>3. **Remaches alrededor del sol:** Un elemento decorativo que resalta y embellece la mochila.<\/p>\n<p>4. **Bolsillos con cremallera:** Tanto el bolsillo delantero como el de la parte trasera cuentan con cierres de cremallera, brindando opciones de almacenamiento seguro.<\/p>\n<p>5. **Cierre con cord\u00f3n de cuero y solapa:** Proporciona seguridad adicional y un estilo \u00fanico con un cierre tipo Judas y una hebilla.<\/p>\n<p>Esta mochila parece ser no solo funcional sino tambi\u00e9n una pieza de moda con detalles art\u00edsticos. \u00bfHay algo espec\u00edfico sobre la mochila que te gustar\u00eda saber o algo en lo que pueda ayudarte m\u00e1s?<\/p>\n<p style=\"text-align: center;\"><strong>Aviso importante<\/strong><\/p>\n<p>Todos nuestros productos de cuero est\u00e1n hechos a mano y su nueva bolsa de cuero puede estar sujeta a una variaci\u00f3n natural en tama\u00f1o y color. Las pieles utilizadas han sido procesadas y curtidas en una de las curtidur\u00edas m\u00e1s antiguas de Marrakech utilizando t\u00e9cnicas centenarias para dar al cuero acabado un aspecto antiguo \/ vintage.<br \/>\nPara los tama\u00f1os, permita 1-2 cm difiere debido a la medida manual.<br \/>\nLas im\u00e1genes son 100% reales.<br \/>\nDebido al monitor del ordenador y el brillo real de la toma y otras razones, habr\u00e1 una cierta diferencia de color.<\/p>\n<!-- AddThis Advanced Settings generic via filter on the_content --><!-- AddThis Share Buttons generic via filter on the_content -->","protected":false},"excerpt":{"rendered":"<h2>La &#8220;Mochila de cuero dos soles&#8221; parece ser una pieza artesanal y \u00fanica. Aqu\u00ed hay algunas caracter\u00edsticas destacadas:<\/h2>\n<h4>Trabajo artesanal en cuero: Destaca la atenci\u00f3n y dedicaci\u00f3n a la artesan\u00eda.\u00a0Detalles de dos soles: Un dise\u00f1o distintivo y decorativo que agrega un toque \u00fanico.<\/h4>\n<h4>Remaches alrededor del sol: Un elemento decorativo que resalta y embellece la mochila.\u00a0Bolsillos con cremallera: Tanto el bolsillo delantero como el de la parte trasera cuentan con cierres de cremallera, brindando opciones de almacenamiento seguro.\u00a0Cierre con cord\u00f3n de cuero y solapa: Proporciona seguridad adicional y un estilo \u00fanico con un cierre tipo Judas y una hebilla.<\/h4>\n<h5>Esta mochila parece ser no solo funcional sino tambi\u00e9n una pieza de moda con detalles art\u00edsticos. \u00bfHay algo espec\u00edfico sobre la mochila que te gustar\u00eda saber o algo en lo que pueda ayudarte m\u00e1s?<\/h5>\n<div class=\"woocommerce-product-details__short-description\">\n<h5>Medidas 34 cm de alto x 33 cm largo x 10 cm ancho.<\/h5>\n<h5 class=\"woocommerce-product-details__short-description\"><strong>\u00bfAlguna duda? Ponte en contacto con nosotros a trav\u00e9s del bot\u00f3n del chat directo por whatsApp y te resolveremos las dudas al instante!<\/strong><\/h5>\n<\/div>\n<p><!-- AddThis Advanced Settings generic via filter on get_the_excerpt --><!-- AddThis Share Buttons generic via filter on get_the_excerpt --><\/p>\n","protected":false},"featured_media":8400,"comment_status":"open","ping_status":"closed","template":"","meta":{"om_disable_all_campaigns":false,"_monsterinsights_skip_tracking":false,"_monsterinsights_sitenote_active":false,"_monsterinsights_sitenote_note":"","_monsterinsights_sitenote_category":0,"_uf_show_specific_survey":0,"_uf_disable_surveys":false},"product_brand":[1217],"product_cat":[400],"product_tag":[275,322,310,269,352,1099,347,354,1136,1100,1101],"class_list":{"0":"post-4702","1":"product","2":"type-product","3":"status-publish","4":"has-post-thumbnail","6":"product_brand-ibags-belts","7":"product_cat-mochilas-medianas","8":"product_tag-mochila-de-cuero-para-hombre-bolso-de-cuero-para-mujer-bolso-de-cuero-hecho-a-mano-bolso-cuero-grabado-bolso-cuero-hombre-artesanal-bolso-cuero-hecho-a-mano-bolsos-cuero-y-kilim","9":"product_tag-mochila-clasica-marroqui","10":"product_tag-mochila-cuero","11":"product_tag-bolso-de-cuero-para-hombre-bolso-de-cuero-para-mujer-bolso-de-cuero-hecho-a-mano-bolso-cuero-grabado-bolso-cuero-hombre-artesanal-bolso-cuero-hecho-a-mano-bolsos-cuero-y-kilim-bolso-cuero-mochila","12":"product_tag-mochila-dos-cremalleras-marroqui","13":"product_tag-mochila-heavy","14":"product_tag-mochila-hecho-a-mano","15":"product_tag-mochila-moto-cuero","16":"product_tag-mochila-piel","17":"product_tag-mochila-rock","18":"product_tag-mochila-tachas","20":"first","21":"outofstock","22":"shipping-taxable","23":"purchasable","24":"product-type-simple","25":"add-to-wishlist-after_add_to_cart","26":"layout-style-1","27":"col-md-4 col-sm-4 col-xs-6","28":"col-lg-3","29":"product-has-gallery","30":"product-style-default"},"aioseo_notices":[],"_links":{"self":[{"href":"https:\/\/www.ibagsbelts.com\/tienda\/wp-json\/wp\/v2\/product\/4702","targetHints":{"allow":["GET"]}}],"collection":[{"href":"https:\/\/www.ibagsbelts.com\/tienda\/wp-json\/wp\/v2\/product"}],"about":[{"href":"https:\/\/www.ibagsbelts.com\/tienda\/wp-json\/wp\/v2\/types\/product"}],"replies":[{"embeddable":true,"href":"https:\/\/www.ibagsbelts.com\/tienda\/wp-json\/wp\/v2\/comments?post=4702"}],"wp:featuredmedia":[{"embeddable":true,"href":"https:\/\/www.ibagsbelts.com\/tienda\/wp-json\/wp\/v2\/media\/8400"}],"wp:attachment":[{"href":"https:\/\/www.ibagsbelts.com\/tienda\/wp-json\/wp\/v2\/media?parent=4702"}],"wp:term":[{"taxonomy":"product_brand","embeddable":true,"href":"https:\/\/www.ibagsbelts.com\/tienda\/wp-json\/wp\/v2\/product_brand?post=4702"},{"taxonomy":"product_cat","embeddable":true,"href":"https:\/\/www.ibagsbelts.com\/tienda\/wp-json\/wp\/v2\/product_cat?post=4702"},{"taxonomy":"product_tag","embeddable":true,"href":"https:\/\/www.ibagsbelts.com\/tienda\/wp-json\/wp\/v2\/product_tag?post=4702"}],"curies":[{"name":"wp","href":"https:\/\/api.w.org\/{rel}","templated":true}]}}