{"id":6008,"date":"2019-11-14T13:49:21","date_gmt":"2019-11-14T12:49:21","guid":{"rendered":"https:\/\/www.ibagsbelts.com\/tienda\/?post_type=product&#038;p=6008"},"modified":"2026-03-15T19:51:40","modified_gmt":"2026-03-15T18:51:40","slug":"2110-marron","status":"publish","type":"product","link":"https:\/\/www.ibagsbelts.com\/tienda\/producto\/2110-marron\/","title":{"rendered":"Ri\u00f1onera de cuero cl\u00e1sica color marr\u00f3n Ren\u00e9"},"content":{"rendered":"<p>Entiendo, parece un bolso muy funcional y vers\u00e1til. Aqu\u00ed hay algunos aspectos destacados:<\/p>\n<ol>\n<li><strong>Practicidad:<\/strong> Con dos compartimentos, puedes organizar eficientemente tus pertenencias esenciales, como la cartera, el tel\u00e9fono, dinero en efectivo y tarjetas de cr\u00e9dito.<\/li>\n<li><strong>Versatilidad de uso:<\/strong> La opci\u00f3n de llevarlo en la cadera o en el hombro lo hace adaptable a diversas situaciones, desde viajar hasta hacer senderismo, correr o andar en bicicleta.<\/li>\n<li><strong>Manos libres:<\/strong> La capacidad de tener las manos libres es especialmente \u00fatil en actividades como hacer senderismo o andar en bicicleta, donde la comodidad y la libertad de movimiento son esenciales.<\/li>\n<li><strong>Material de calidad:<\/strong> El hecho de que est\u00e9 hecho al 100% de cuero sugiere durabilidad y calidad en la fabricaci\u00f3n.<\/li>\n<li><strong>Ideal para diversas situaciones:<\/strong> Adem\u00e1s de ser pr\u00e1ctico para viajar, parece ser un compa\u00f1ero \u00fatil para actividades al aire libre y diarias.<\/li>\n<\/ol>\n<p>Antes de comprarlo, podr\u00eda ser \u00fatil verificar detalles adicionales, como el tipo de cierre, el tipo de correas y cualquier otro detalle espec\u00edfico que pueda influir en tu decisi\u00f3n. \u00bfHay algo m\u00e1s en lo que pueda ayudarte?<\/p>\n<p style=\"text-align: left;\"><strong>Aviso importante<\/strong><\/p>\n<p>Todos nuestros productos de cuero est\u00e1n hechos a mano y su nueva bolsa de cuero puede estar sujeta a una variaci\u00f3n natural en tama\u00f1o y color.<br \/>\nPara los tama\u00f1os, permita 1-2 cm difiere debido a la medida manual.<br \/>\nLas im\u00e1genes son 100% reales.<br \/>\nDebido al monitor del ordenador y el brillo real de la toma y otras razones, habr\u00e1 una cierta diferencia de color.<\/p>\n<h5><\/h5>\n<!-- AddThis Advanced Settings generic via filter on the_content --><!-- AddThis Share Buttons generic via filter on the_content -->","protected":false},"excerpt":{"rendered":"<h2>Es ideal para viajar, hacer senderismo, correr, montar en bicicleta o en cualquier situaci\u00f3n que quieras llevar lo esencial y disponer de\u00a0 las manos libres.<\/h2>\n<h3>Tiene dos compartimentos para llevar la cartera, el tel\u00e9fono, dinero en efectivo, las tarjetas de cr\u00e9dito m\u00e1s algunos otros elementos esenciales y se puede llevar en la cadera o en el hombro.<\/h3>\n<h4>Es ideal para viajar, hacer senderismo, correr, montar en bicicleta o en cualquier situaci\u00f3n que quieras llevar lo esencial y disponer de\u00a0 las manos libres.\u00a0100% cuero<\/h4>\n<h5><strong>\u00bfAlguna duda? Ponte en contacto con nosotros a trav\u00e9s del bot\u00f3n del chat directo por whatsapp y te resolveremos las dudas al instante!<\/strong><\/h5>\n<p><!-- AddThis Advanced Settings generic via filter on get_the_excerpt --><!-- AddThis Share Buttons generic via filter on get_the_excerpt --><\/p>\n","protected":false},"featured_media":6009,"comment_status":"closed","ping_status":"closed","template":"","meta":{"om_disable_all_campaigns":false,"_monsterinsights_skip_tracking":false,"_monsterinsights_sitenote_active":false,"_monsterinsights_sitenote_note":"","_monsterinsights_sitenote_category":0,"_uf_show_specific_survey":0,"_uf_disable_surveys":false},"product_brand":[1217],"product_cat":[950],"product_tag":[1033,745,795,793],"class_list":{"0":"post-6008","1":"product","2":"type-product","3":"status-publish","4":"has-post-thumbnail","6":"product_brand-ibags-belts","7":"product_cat-rinoneras","8":"product_tag-bananas","9":"product_tag-estilo-hippie","10":"product_tag-rinonera-cuero","11":"product_tag-rinoneras","13":"first","14":"instock","15":"shipping-taxable","16":"purchasable","17":"product-type-simple","18":"add-to-wishlist-after_add_to_cart","19":"layout-style-1","20":"col-md-4 col-sm-4 col-xs-6","21":"col-lg-3","22":"product-has-gallery","23":"product-style-default"},"aioseo_notices":[],"_links":{"self":[{"href":"https:\/\/www.ibagsbelts.com\/tienda\/wp-json\/wp\/v2\/product\/6008","targetHints":{"allow":["GET"]}}],"collection":[{"href":"https:\/\/www.ibagsbelts.com\/tienda\/wp-json\/wp\/v2\/product"}],"about":[{"href":"https:\/\/www.ibagsbelts.com\/tienda\/wp-json\/wp\/v2\/types\/product"}],"replies":[{"embeddable":true,"href":"https:\/\/www.ibagsbelts.com\/tienda\/wp-json\/wp\/v2\/comments?post=6008"}],"wp:featuredmedia":[{"embeddable":true,"href":"https:\/\/www.ibagsbelts.com\/tienda\/wp-json\/wp\/v2\/media\/6009"}],"wp:attachment":[{"href":"https:\/\/www.ibagsbelts.com\/tienda\/wp-json\/wp\/v2\/media?parent=6008"}],"wp:term":[{"taxonomy":"product_brand","embeddable":true,"href":"https:\/\/www.ibagsbelts.com\/tienda\/wp-json\/wp\/v2\/product_brand?post=6008"},{"taxonomy":"product_cat","embeddable":true,"href":"https:\/\/www.ibagsbelts.com\/tienda\/wp-json\/wp\/v2\/product_cat?post=6008"},{"taxonomy":"product_tag","embeddable":true,"href":"https:\/\/www.ibagsbelts.com\/tienda\/wp-json\/wp\/v2\/product_tag?post=6008"}],"curies":[{"name":"wp","href":"https:\/\/api.w.org\/{rel}","templated":true}]}}