{"id":6092,"date":"2019-11-27T13:56:28","date_gmt":"2019-11-27T12:56:28","guid":{"rendered":"https:\/\/www.ibagsbelts.com\/tienda\/?post_type=product&#038;p=6092"},"modified":"2026-03-15T19:48:52","modified_gmt":"2026-03-15T18:48:52","slug":"monedero-billetero-rosa","status":"publish","type":"product","link":"https:\/\/www.ibagsbelts.com\/tienda\/producto\/monedero-billetero-rosa\/","title":{"rendered":"Monedero billetero de cuero rosa Dana"},"content":{"rendered":"<p style=\"text-align: left;\">El monedero artesanal que describiste parece ser una pieza cuidadosamente elaborada, con atenci\u00f3n a los detalles y funcionalidad. Aqu\u00ed hay algunos aspectos clave:<\/p>\n<ol style=\"text-align: left;\">\n<li><strong>Confecci\u00f3n artesanal:<\/strong> La menci\u00f3n de que est\u00e1 confeccionado por artesanos del cuero sugiere un enfoque en la calidad y la artesan\u00eda, lo que podr\u00eda hacer que el monedero sea \u00fanico y duradero.<\/li>\n<li><strong>Espacio para tarjetas y fotograf\u00edas:<\/strong> La inclusi\u00f3n de un gran espacio para tarjetas y fotograf\u00edas en el interior destaca la versatilidad del monedero, brindando espacio no solo para dinero y tarjetas sino tambi\u00e9n para recuerdos personales.<\/li>\n<li><strong>Apartado con cremallera en la parte trasera:<\/strong> La presencia de un apartado con cremallera en la parte trasera, dividido en dos sectores, proporciona seguridad adicional para monedas y documentos importantes. La organizaci\u00f3n interna es clave para la funcionalidad.<\/li>\n<li><strong>Asa de mano:<\/strong> La presencia de una peque\u00f1a asa de mano de cuero brinda la posibilidad de llevar el monedero de manera segura y c\u00f3moda.<\/li>\n<li><strong>Medidas detalladas:<\/strong> Proporcionar medidas detalladas (11 cm de alto, 20 cm de ancho y 3 cm de fondo) es \u00fatil para que los compradores tengan una idea clara del tama\u00f1o del monedero.<\/li>\n<\/ol>\n<p style=\"text-align: left;\">En general, este monedero parece ser una opci\u00f3n pr\u00e1ctica y est\u00e9ticamente agradable para aquellos que valoran la artesan\u00eda y la organizaci\u00f3n en un accesorio diario. \u00bfHay algo m\u00e1s espec\u00edfico que te gustar\u00eda saber o agregar sobre este monedero?<\/p>\n<p style=\"text-align: left;\"><strong>Aviso importante<\/strong><\/p>\n<p style=\"text-align: left;\">Todos nuestros productos de cuero est\u00e1n hechos a mano y su nueva bolsa de cuero puede estar sujeta a una variaci\u00f3n natural en tama\u00f1o y color.<br \/>\nPara los tama\u00f1os, permita 1-2 cm difiere debido a la medida manual.<br \/>\nLas im\u00e1genes son 100% reales.<br \/>\nDebido al monitor del ordenador y el brillo real de la toma y otras razones, habr\u00e1 una cierta diferencia de color.<\/p>\n<!-- AddThis Advanced Settings generic via filter on the_content --><!-- AddThis Share Buttons generic via filter on the_content -->","protected":false},"excerpt":{"rendered":"<h2>El monedero artesanal est\u00e1 confeccionado por artesanos del cuero.<\/h2>\n<h3>En el interior hay un gran espacio para tarjetas y fotograf\u00edas y en la parte trasera tenemos un apartado con cremallera, con dos sectores dentro de \u00e9l, uno de ellos cerrado con cremallera para monedas y documentos.<\/h3>\n<h4>Lleva de forma segura tus pertenencias m\u00e1s importantes con una peque\u00f1a asa de mano de cuero artesanal.<\/h4>\n<h4>Medidas: 11 cm alto, 20 cm ancho y 3 cm fondo.<\/h4>\n<h5 style=\"text-align: center;\"><b>\u00bfAlguna duda? Ponte en contacto con nosotros a trav\u00e9s del bot\u00f3n del chat directo por WhatsApp y te resolveremos las dudas al instante!<\/b><\/h5>\n<p><!-- AddThis Advanced Settings generic via filter on get_the_excerpt --><!-- AddThis Share Buttons generic via filter on get_the_excerpt --><\/p>\n","protected":false},"featured_media":6093,"comment_status":"open","ping_status":"closed","template":"","meta":{"om_disable_all_campaigns":false,"_monsterinsights_skip_tracking":false,"_monsterinsights_sitenote_active":false,"_monsterinsights_sitenote_note":"","_monsterinsights_sitenote_category":0,"_uf_show_specific_survey":0,"_uf_disable_surveys":false},"product_brand":[1217],"product_cat":[1301,1299,1302,1303],"product_tag":[1135,1096,881,737,315,313,885,752,744,873,1146],"class_list":{"0":"post-6092","1":"product","2":"type-product","3":"status-publish","4":"has-post-thumbnail","6":"product_brand-ibags-belts","7":"product_cat-billeteras","8":"product_cat-carteras","9":"product_cat-monederos-largos","10":"product_cat-tarjeteros","11":"product_tag-accesorios-y-complementos","12":"product_tag-artesania","13":"product_tag-billetero","14":"product_tag-bohochic","15":"product_tag-bolso-cuero-artesano","16":"product_tag-bolso-cuero-hecho-a-mano","17":"product_tag-cartera","18":"product_tag-complementos","19":"product_tag-estilo-bohochic","20":"product_tag-monedero","21":"product_tag-repujado","23":"first","24":"instock","25":"shipping-taxable","26":"purchasable","27":"product-type-simple","28":"add-to-wishlist-after_add_to_cart","29":"layout-style-1","30":"col-md-4 col-sm-4 col-xs-6","31":"col-lg-3","32":"product-has-gallery","33":"product-style-default"},"aioseo_notices":[],"_links":{"self":[{"href":"https:\/\/www.ibagsbelts.com\/tienda\/wp-json\/wp\/v2\/product\/6092","targetHints":{"allow":["GET"]}}],"collection":[{"href":"https:\/\/www.ibagsbelts.com\/tienda\/wp-json\/wp\/v2\/product"}],"about":[{"href":"https:\/\/www.ibagsbelts.com\/tienda\/wp-json\/wp\/v2\/types\/product"}],"replies":[{"embeddable":true,"href":"https:\/\/www.ibagsbelts.com\/tienda\/wp-json\/wp\/v2\/comments?post=6092"}],"wp:featuredmedia":[{"embeddable":true,"href":"https:\/\/www.ibagsbelts.com\/tienda\/wp-json\/wp\/v2\/media\/6093"}],"wp:attachment":[{"href":"https:\/\/www.ibagsbelts.com\/tienda\/wp-json\/wp\/v2\/media?parent=6092"}],"wp:term":[{"taxonomy":"product_brand","embeddable":true,"href":"https:\/\/www.ibagsbelts.com\/tienda\/wp-json\/wp\/v2\/product_brand?post=6092"},{"taxonomy":"product_cat","embeddable":true,"href":"https:\/\/www.ibagsbelts.com\/tienda\/wp-json\/wp\/v2\/product_cat?post=6092"},{"taxonomy":"product_tag","embeddable":true,"href":"https:\/\/www.ibagsbelts.com\/tienda\/wp-json\/wp\/v2\/product_tag?post=6092"}],"curies":[{"name":"wp","href":"https:\/\/api.w.org\/{rel}","templated":true}]}}