{"id":6250,"date":"2019-12-19T19:53:33","date_gmt":"2019-12-19T18:53:33","guid":{"rendered":"https:\/\/www.ibagsbelts.com\/tienda\/?post_type=product&#038;p=6250"},"modified":"2026-03-15T19:42:40","modified_gmt":"2026-03-15T18:42:40","slug":"rinonera-bolso-de-cuero-negro","status":"publish","type":"product","link":"https:\/\/www.ibagsbelts.com\/tienda\/producto\/rinonera-bolso-de-cuero-negro\/","title":{"rendered":"Ri\u00f1onera bolso de cuero negro"},"content":{"rendered":"<p>Este bolso ri\u00f1onera de cuero de vaca parece ser una elecci\u00f3n resistente y bien dise\u00f1ada. Aqu\u00ed hay algunas caracter\u00edsticas notables basadas en la descripci\u00f3n:<\/p>\n<ol>\n<li><strong>Cuero de Vaca:<\/strong> El cuero de vaca aporta durabilidad y resistencia al bolso, haci\u00e9ndolo ideal para un uso diario.<\/li>\n<li><strong>Fabricado a Mano:<\/strong> La fabricaci\u00f3n artesanal sugiere atenci\u00f3n al detalle y una calidad \u00fanica en cada pieza.<\/li>\n<li><strong>Bolsillo Frontal con Cremallera:<\/strong> Proporciona un acceso conveniente y seguro a art\u00edculos esenciales que necesitas tener a mano.<\/li>\n<li><strong>Solapa con Cierre de Click:<\/strong> Agrega un elemento de seguridad y estilo a la ri\u00f1onera.<\/li>\n<li><strong>Bolsillo Interior:<\/strong> La presencia de un bolsillo interior brinda organizaci\u00f3n adicional para objetos peque\u00f1os.<\/li>\n<li><strong>Forro Suave al Tacto:<\/strong> El forro suave al tacto agrega un toque de comodidad y protecci\u00f3n al interior del bolso.<\/li>\n<li><strong>Correa Ajustable con Hebilla:<\/strong> La correa ajustable permite personalizar el ajuste para mayor comodidad y versatilidad.<\/li>\n<li><strong>Producto Artesanal:<\/strong> La artesan\u00eda sugiere singularidad y atenci\u00f3n a la calidad en la fabricaci\u00f3n.<\/li>\n<\/ol>\n<p>Este bolso ri\u00f1onera parece ser una opci\u00f3n pr\u00e1ctica y resistente para aquellos que buscan un accesorio de cuero bien elaborado. \u00bfNecesitas m\u00e1s detalles o ayuda con algo m\u00e1s?<\/p>\n<p><strong>Aviso importante<\/strong><\/p>\n<p>Todos nuestros productos de cuero est\u00e1n hechos a mano y su nueva bolsa de cuero puede estar sujeta a una variaci\u00f3n natural en tama\u00f1o y color.<br \/>\nPara los tama\u00f1os, permita 1-2 cm difiere debido a la medida manual.<br \/>\nLas im\u00e1genes son 100% reales.<br \/>\nDebido al monitor del ordenador y el brillo real de la toma y otras razones, habr\u00e1 una cierta diferencia de color.<\/p>\n<!-- AddThis Advanced Settings generic via filter on the_content --><!-- AddThis Share Buttons generic via filter on the_content -->","protected":false},"excerpt":{"rendered":"<h2>Este bolso ri\u00f1onera de cuero de vaca parece ser una elecci\u00f3n resistente y bien dise\u00f1ada.<\/h2>\n<h3>Este bolso ri\u00f1onera de cuero de vaca de gran resistencia por su dureza esta fabricado a mano artesanal mente, tiene un bolsillo frontal con cremallera , su media solapa con cierre de click, todo su interior tiene un bolsillo peque\u00f1o, esta forrado con tela suave al tacto<\/h3>\n<h4>su correa es regulable con hebilla para ponerlo a su medida preferida para brindarle la comodidad que estas buscando un un producto artesanal de cuero.<\/h4>\n<h5><a href=\"https:\/\/bit.ly\/TE-AYUDO\"><b>\u00bfAlguna duda? Ponte en contacto con nosotros a trav\u00e9s del bot\u00f3n del chat directo por WhatsApp y te resolveremos las dudas al instante<\/b><\/a><b>!<\/b><\/h5>\n<p><!-- AddThis Advanced Settings generic via filter on get_the_excerpt --><!-- AddThis Share Buttons generic via filter on get_the_excerpt --><\/p>\n","protected":false},"featured_media":6252,"comment_status":"open","ping_status":"closed","template":"","meta":{"om_disable_all_campaigns":false,"_monsterinsights_skip_tracking":false,"_monsterinsights_sitenote_active":false,"_monsterinsights_sitenote_note":"","_monsterinsights_sitenote_category":0,"_uf_show_specific_survey":0,"_uf_disable_surveys":false},"product_brand":[1217],"product_cat":[950],"product_tag":[1042,1033,301,877,266,299,305,778,795,793],"class_list":{"0":"post-6250","1":"product","2":"type-product","3":"status-publish","4":"has-post-thumbnail","6":"product_brand-ibags-belts","7":"product_cat-rinoneras","8":"product_tag-banana","9":"product_tag-bananas","10":"product_tag-bandolera","11":"product_tag-bandoleras","12":"product_tag-bolso-bohemian-bolso-cuero-repujado-bolsos-cuero-retro-bolso-shopper-cuero-bolso-cuero-trenzado-bolso-cuero-troquelado","13":"product_tag-bolso-cuero","14":"product_tag-bolso-cuero-artesanal","15":"product_tag-bolso-cuero-de-vaca","16":"product_tag-rinonera-cuero","17":"product_tag-rinoneras","19":"first","20":"instock","21":"shipping-taxable","22":"purchasable","23":"product-type-simple","24":"add-to-wishlist-after_add_to_cart","25":"layout-style-1","26":"col-md-4 col-sm-4 col-xs-6","27":"col-lg-3","28":"product-has-gallery","29":"product-style-default"},"aioseo_notices":[],"_links":{"self":[{"href":"https:\/\/www.ibagsbelts.com\/tienda\/wp-json\/wp\/v2\/product\/6250","targetHints":{"allow":["GET"]}}],"collection":[{"href":"https:\/\/www.ibagsbelts.com\/tienda\/wp-json\/wp\/v2\/product"}],"about":[{"href":"https:\/\/www.ibagsbelts.com\/tienda\/wp-json\/wp\/v2\/types\/product"}],"replies":[{"embeddable":true,"href":"https:\/\/www.ibagsbelts.com\/tienda\/wp-json\/wp\/v2\/comments?post=6250"}],"wp:featuredmedia":[{"embeddable":true,"href":"https:\/\/www.ibagsbelts.com\/tienda\/wp-json\/wp\/v2\/media\/6252"}],"wp:attachment":[{"href":"https:\/\/www.ibagsbelts.com\/tienda\/wp-json\/wp\/v2\/media?parent=6250"}],"wp:term":[{"taxonomy":"product_brand","embeddable":true,"href":"https:\/\/www.ibagsbelts.com\/tienda\/wp-json\/wp\/v2\/product_brand?post=6250"},{"taxonomy":"product_cat","embeddable":true,"href":"https:\/\/www.ibagsbelts.com\/tienda\/wp-json\/wp\/v2\/product_cat?post=6250"},{"taxonomy":"product_tag","embeddable":true,"href":"https:\/\/www.ibagsbelts.com\/tienda\/wp-json\/wp\/v2\/product_tag?post=6250"}],"curies":[{"name":"wp","href":"https:\/\/api.w.org\/{rel}","templated":true}]}}