{"id":6474,"date":"2020-01-16T18:23:50","date_gmt":"2020-01-16T17:23:50","guid":{"rendered":"https:\/\/www.ibagsbelts.com\/tienda\/?post_type=product&#038;p=6474"},"modified":"2026-03-15T19:40:29","modified_gmt":"2026-03-15T18:40:29","slug":"cinturon-trenzado-ancho-marron","status":"publish","type":"product","link":"https:\/\/www.ibagsbelts.com\/tienda\/producto\/cinturon-trenzado-ancho-marron\/","title":{"rendered":"Cintur\u00f3n de cuero trenzado ancho"},"content":{"rendered":"<p style=\"text-align: left;\">Este cintur\u00f3n parece ser una elecci\u00f3n elegante y vers\u00e1til para complementar tu atuendo. Aqu\u00ed hay algunas caracter\u00edsticas destacadas basadas en la descripci\u00f3n:<\/p>\n<ol style=\"text-align: left;\">\n<li><strong>Correa Trenzada:<\/strong> La trenza en la correa agrega un toque de estilo y textura al cintur\u00f3n.<\/li>\n<li><strong>Hebilla en Metal:<\/strong> La hebilla de metal puede darle un aspecto cl\u00e1sico y resistente al cintur\u00f3n.<\/li>\n<li><strong>Detalle Central:<\/strong> La descripci\u00f3n menciona un detalle central, que podr\u00eda ser otro elemento decorativo que a\u00f1ade inter\u00e9s visual.<\/li>\n<li><strong>Cierre Ajustable:<\/strong> La capacidad de ajustar el cierre en la hebilla para adaptarse a diferentes tallas es pr\u00e1ctica y conveniente.<\/li>\n<li><strong>Ancho Adecuado:<\/strong> Con 6.5 cm de ancho, es un cintur\u00f3n que puede hacer una declaraci\u00f3n de moda sin ser demasiado abrumador.<\/li>\n<li><strong>Composici\u00f3n de Cuero:<\/strong> La correa de cuero proporciona durabilidad y una sensaci\u00f3n de calidad.<\/li>\n<li><strong>Talla \u00danica:<\/strong> La versatilidad de talla \u00fanica facilita la elecci\u00f3n y compra.<\/li>\n<\/ol>\n<p style=\"text-align: left;\">Antes de comprarlo, aseg\u00farate de que coincida con tu estilo y necesidades de tama\u00f1o. \u00bfHay algo m\u00e1s en lo que pueda ayudarte?<\/p>\n<p style=\"text-align: left;\"><strong>Aviso importante<\/strong><\/p>\n<p style=\"text-align: left;\">Todos nuestros productos de cuero est\u00e1n hechos a mano y su nuevo bolso de cuero puede estar sujeta a una variaci\u00f3n natural en tama\u00f1o y color.<\/p>\n<p style=\"text-align: left;\">Las pieles utilizadas han sido procesadas y curtidas en una de las curtidur\u00edas m\u00e1s antiguas utilizando t\u00e9cnicas centenarias para dar al cuero acabado un aspecto antiguo \/ vintage.<br \/>\nPara los tama\u00f1os, permita 1-2 cm diferencia debido a la medida manual.<br \/>\nLas im\u00e1genes son 100% reales.<br \/>\nDebido al monitor del ordenador y el brillo real de la toma y otras razones, habr\u00e1 una cierta diferencia de color.<\/p>\n<!-- AddThis Advanced Settings generic via filter on the_content --><!-- AddThis Share Buttons generic via filter on the_content -->","protected":false},"excerpt":{"rendered":"<h2><span class=\"c-text c-text--title c-text--left c-text--content\">Cintur\u00f3n trenzado ancho marr\u00f3n<\/span><\/h2>\n<h3 class=\"u-text-wrap\"><span class=\"c-text c-text--body c-text--left c-text--content c-text--format\">Cintur\u00f3n artesanal de cuero ancho trenzado con hebilla de alpaca con incrustaci\u00f3n de hueso.\u00a0<\/span><span style=\"font-size: 1.4rem;\">De ancho 6,50 cm y le largo 110 cm a 120 cm aproximadamente.<\/span><\/h3>\n<h4 class=\"u-text-wrap\"><span class=\"c-text c-text--body c-text--left c-text--content c-text--format\"> ideal para llevar con tus vestidos y vaqueros preferidos, no puede faltar en tu armario.<\/span><\/h4>\n<h4>\u00a1\u00a1comp\u00e1ralo ya!!<\/h4>\n<div>\n<h5><a href=\"https:\/\/bit.ly\/TE-AYUDO\"><b>\u00bfAlguna duda? Ponte en contacto con nosotros a trav\u00e9s del bot\u00f3n del chat directo por WhatsApp y te resolveremos las dudas al instante<\/b><\/a><b>!<\/b><\/h5>\n<\/div>\n<p><!-- AddThis Advanced Settings generic via filter on get_the_excerpt --><!-- AddThis Share Buttons generic via filter on get_the_excerpt --><\/p>\n","protected":false},"featured_media":13084,"comment_status":"open","ping_status":"closed","template":"","meta":{"om_disable_all_campaigns":false,"_monsterinsights_skip_tracking":false,"_monsterinsights_sitenote_active":false,"_monsterinsights_sitenote_note":"","_monsterinsights_sitenote_category":0,"_uf_show_specific_survey":0,"_uf_disable_surveys":false},"product_brand":[1217],"product_cat":[393,396,951],"product_tag":[1087,290,332,340,341,264,333,1089,1034,31,1088],"class_list":{"0":"post-6474","1":"product","2":"type-product","3":"status-publish","4":"has-post-thumbnail","6":"product_brand-ibags-belts","7":"product_cat-cinturon-con-tachas","8":"product_cat-trenzados-cinturon","9":"product_cat-fajin","10":"product_tag-cinto","11":"product_tag-cinturon","12":"product_tag-cinturon-cuero","13":"product_tag-cinturon-cuero-ancho-bohemian","14":"product_tag-cinturon-cuero-boho-chic","15":"product_tag-cinturon-cuero-de-vaca-cuero-de-cuero-cinturon-de-cuero-chapa","16":"product_tag-cinturon-cuero-vaca","17":"product_tag-cinturon-piel","18":"product_tag-cinturones","19":"product_tag-cinturon-trenzado-de-cuero","20":"product_tag-correa","22":"first","23":"instock","24":"shipping-taxable","25":"purchasable","26":"product-type-simple","27":"add-to-wishlist-after_add_to_cart","28":"layout-style-1","29":"col-md-4 col-sm-4 col-xs-6","30":"col-lg-3","31":"product-has-gallery","32":"product-style-default"},"aioseo_notices":[],"_links":{"self":[{"href":"https:\/\/www.ibagsbelts.com\/tienda\/wp-json\/wp\/v2\/product\/6474","targetHints":{"allow":["GET"]}}],"collection":[{"href":"https:\/\/www.ibagsbelts.com\/tienda\/wp-json\/wp\/v2\/product"}],"about":[{"href":"https:\/\/www.ibagsbelts.com\/tienda\/wp-json\/wp\/v2\/types\/product"}],"replies":[{"embeddable":true,"href":"https:\/\/www.ibagsbelts.com\/tienda\/wp-json\/wp\/v2\/comments?post=6474"}],"wp:featuredmedia":[{"embeddable":true,"href":"https:\/\/www.ibagsbelts.com\/tienda\/wp-json\/wp\/v2\/media\/13084"}],"wp:attachment":[{"href":"https:\/\/www.ibagsbelts.com\/tienda\/wp-json\/wp\/v2\/media?parent=6474"}],"wp:term":[{"taxonomy":"product_brand","embeddable":true,"href":"https:\/\/www.ibagsbelts.com\/tienda\/wp-json\/wp\/v2\/product_brand?post=6474"},{"taxonomy":"product_cat","embeddable":true,"href":"https:\/\/www.ibagsbelts.com\/tienda\/wp-json\/wp\/v2\/product_cat?post=6474"},{"taxonomy":"product_tag","embeddable":true,"href":"https:\/\/www.ibagsbelts.com\/tienda\/wp-json\/wp\/v2\/product_tag?post=6474"}],"curies":[{"name":"wp","href":"https:\/\/api.w.org\/{rel}","templated":true}]}}