{"id":7332,"date":"2020-05-08T11:04:13","date_gmt":"2020-05-08T09:04:13","guid":{"rendered":"https:\/\/www.ibagsbelts.com\/tienda\/?post_type=product&#038;p=7332"},"modified":"2026-03-15T16:36:25","modified_gmt":"2026-03-15T15:36:25","slug":"cinturon-asta-trenzado-negro","status":"publish","type":"product","link":"https:\/\/www.ibagsbelts.com\/tienda\/producto\/cinturon-asta-trenzado-negro\/","title":{"rendered":"Cintur\u00f3n trenzado negro con asta en hebilla"},"content":{"rendered":"<p style=\"text-align: left;\">Este cintur\u00f3n de cuero trenzado a mano parece ser una elecci\u00f3n encantadora y \u00fanica. Aqu\u00ed hay un resumen de sus caracter\u00edsticas:<\/p>\n<ol style=\"text-align: left;\">\n<li><strong>Cuero Artesanal:<\/strong>\n<ul>\n<li><strong>Trenzado a Mano:<\/strong> Proceso artesanal que a\u00f1ade un toque de originalidad.<\/li>\n<li><strong>Material Fuerte:<\/strong> Promete durabilidad y una larga vida \u00fatil.<\/li>\n<li><strong>Curtido Tradicional:<\/strong> Aporta resistencia al cuero.<\/li>\n<\/ul>\n<\/li>\n<li><strong>Ajustable y Vers\u00e1til:<\/strong>\n<ul>\n<li><strong>Ajuste Personalizable:<\/strong> Puede adaptarse a distintas medidas seg\u00fan el gusto.<\/li>\n<li><strong>14 Tiras de Cuero:<\/strong> Crea un patr\u00f3n \u00fanico y halaga la cintura.<\/li>\n<\/ul>\n<\/li>\n<li><strong>Estilo y Elegancia:<\/strong>\n<ul>\n<li><strong>Complemento de Moda:<\/strong> A\u00f1ade encanto natural y estilo a cualquier atuendo.<\/li>\n<li><strong>Chapa Hebilla de Color Plata:<\/strong> Con incrustaci\u00f3n de hueso para un toque original.<\/li>\n<\/ul>\n<\/li>\n<li><strong>Dimensiones:<\/strong>\n<ul>\n<li><strong>Ancho de 7 cm:<\/strong> Proporciona un impacto visual destacado.<\/li>\n<li><strong>Longitud de 115 cm Aproximadamente:<\/strong> Ofrece versatilidad para diferentes estilos de uso.<\/li>\n<\/ul>\n<\/li>\n<\/ol>\n<p style=\"text-align: left;\">Este cintur\u00f3n parece ser una combinaci\u00f3n de artesan\u00eda, estilo y versatilidad. \u00bfHay algo m\u00e1s espec\u00edfico que te gustar\u00eda saber sobre este cintur\u00f3n o alguna caracter\u00edstica adicional que desees explorar?<\/p>\n<p><strong>Aviso importante<\/strong><\/p>\n<p>Todos nuestros productos de cuero puede estar sujeta a una variaci\u00f3n natural en tama\u00f1o y color.<\/p>\n<p>Las pieles utilizadas han sido procesadas y curtidas en una de las curtidur\u00edas m\u00e1s antiguas utilizando t\u00e9cnicas centenarias para dar al cuero acabado un aspecto antiguo \/ vintage.<br \/>\nPara los tama\u00f1os, permita 1-2 cm difiere debido a la medida manual.<br \/>\nLas im\u00e1genes son 100% reales.<br \/>\nDebido al monitor del ordenador y el brillo real de la toma y otras razones, habr\u00e1 una cierta diferencia de color.<\/p>\n<!-- AddThis Advanced Settings generic via filter on the_content --><!-- AddThis Share Buttons generic via filter on the_content -->","protected":false},"excerpt":{"rendered":"<h2>Este cintur\u00f3n es el accesorio perfecto para aquellas que les gusta ser pr\u00e1cticas e ir con estilo al mismo tiempo.<\/h2>\n<h3>El cintur\u00f3n est\u00e1 hecho de cuero trenzado a mano de forma artesanal.\u00a0El encanto natural y el dise\u00f1o lo convierten en un complemento de moda. Una chapa hebilla de color plata con incrustaci\u00f3n de hueso sirve como un cierre para darte un toque original.<\/h3>\n<h4>Largo: contamos con medidas entre 85 cm y 1.15 cm.\u00a0100% CUERO ARTESANAL<\/h4>\n<h5><strong>\u00bfAlguna duda? Ponte en contacto con nosotros a trav\u00e9s del bot\u00f3n del chat directo por whatsApp y te resolveremos las dudas al instante!<\/strong><\/h5>\n<p><!-- AddThis Advanced Settings generic via filter on get_the_excerpt --><!-- AddThis Share Buttons generic via filter on get_the_excerpt --><\/p>\n","protected":false},"featured_media":7333,"comment_status":"open","ping_status":"closed","template":"","meta":{"om_disable_all_campaigns":false,"_monsterinsights_skip_tracking":false,"_monsterinsights_sitenote_active":false,"_monsterinsights_sitenote_note":"","_monsterinsights_sitenote_category":0,"_uf_show_specific_survey":0,"_uf_disable_surveys":false},"product_brand":[1217],"product_cat":[395,396],"product_tag":[1135,1087,290,889,332,340,333,31,744,745,738],"class_list":{"0":"post-7332","1":"product","2":"type-product","3":"status-publish","4":"has-post-thumbnail","6":"product_brand-ibags-belts","7":"product_cat-cinturones-de-pelo","8":"product_cat-trenzados-cinturon","9":"product_tag-accesorios-y-complementos","10":"product_tag-cinto","11":"product_tag-cinturon","12":"product_tag-cinturon-asta","13":"product_tag-cinturon-cuero","14":"product_tag-cinturon-cuero-ancho-bohemian","15":"product_tag-cinturon-cuero-vaca","16":"product_tag-cinturon-trenzado-de-cuero","17":"product_tag-estilo-bohochic","18":"product_tag-estilo-hippie","19":"product_tag-hippie","21":"first","22":"outofstock","23":"shipping-taxable","24":"purchasable","25":"product-type-simple","26":"add-to-wishlist-after_add_to_cart","27":"layout-style-1","28":"col-md-4 col-sm-4 col-xs-6","29":"col-lg-3","30":"product-has-gallery","31":"product-style-default"},"aioseo_notices":[],"_links":{"self":[{"href":"https:\/\/www.ibagsbelts.com\/tienda\/wp-json\/wp\/v2\/product\/7332","targetHints":{"allow":["GET"]}}],"collection":[{"href":"https:\/\/www.ibagsbelts.com\/tienda\/wp-json\/wp\/v2\/product"}],"about":[{"href":"https:\/\/www.ibagsbelts.com\/tienda\/wp-json\/wp\/v2\/types\/product"}],"replies":[{"embeddable":true,"href":"https:\/\/www.ibagsbelts.com\/tienda\/wp-json\/wp\/v2\/comments?post=7332"}],"wp:featuredmedia":[{"embeddable":true,"href":"https:\/\/www.ibagsbelts.com\/tienda\/wp-json\/wp\/v2\/media\/7333"}],"wp:attachment":[{"href":"https:\/\/www.ibagsbelts.com\/tienda\/wp-json\/wp\/v2\/media?parent=7332"}],"wp:term":[{"taxonomy":"product_brand","embeddable":true,"href":"https:\/\/www.ibagsbelts.com\/tienda\/wp-json\/wp\/v2\/product_brand?post=7332"},{"taxonomy":"product_cat","embeddable":true,"href":"https:\/\/www.ibagsbelts.com\/tienda\/wp-json\/wp\/v2\/product_cat?post=7332"},{"taxonomy":"product_tag","embeddable":true,"href":"https:\/\/www.ibagsbelts.com\/tienda\/wp-json\/wp\/v2\/product_tag?post=7332"}],"curies":[{"name":"wp","href":"https:\/\/api.w.org\/{rel}","templated":true}]}}