{"id":8684,"date":"2020-07-20T20:20:51","date_gmt":"2020-07-20T18:20:51","guid":{"rendered":"https:\/\/www.ibagsbelts.com\/tienda\/?post_type=product&#038;p=8684"},"modified":"2026-03-15T16:34:07","modified_gmt":"2026-03-15T15:34:07","slug":"mochila-de-cuero-sol-negra","status":"publish","type":"product","link":"https:\/\/www.ibagsbelts.com\/tienda\/producto\/mochila-de-cuero-sol-negra\/","title":{"rendered":"Mochila de cuero sol negra Kin"},"content":{"rendered":"<p>La descripci\u00f3n de la mochila es encantadora. Aqu\u00ed tienes un resumen de las caracter\u00edsticas clave:<\/p>\n<ol>\n<li><strong>Dise\u00f1o Atractivo:<\/strong>\n<ul>\n<li><strong>Sol en Cuero:<\/strong> Un detalle distintivo y atractivo.<\/li>\n<li><strong>Realizada a Mano:<\/strong> Enfatiza la artesan\u00eda y calidad.<\/li>\n<\/ul>\n<\/li>\n<li><strong>Cierre Seguro:<\/strong>\n<ul>\n<li><strong>Cierre con Cord\u00f3n de Cuero y Solapa con Hebilla:<\/strong> Ofrece seguridad y estilo.<\/li>\n<\/ul>\n<\/li>\n<li><strong>Bolsillos para Organizaci\u00f3n:<\/strong>\n<ul>\n<li><strong>Bolsillo con Cremallera en la Parte Posterior:<\/strong> Para art\u00edculos de acceso r\u00e1pido o seguridad adicional.<\/li>\n<li><strong>Dos Cierres Frontales:<\/strong> Agregan un toque original y pueden proporcionar acceso r\u00e1pido.<\/li>\n<\/ul>\n<\/li>\n<li><strong>Interior Pr\u00e1ctico:<\/strong>\n<ul>\n<li><strong>Forro Interior:<\/strong> A\u00f1ade durabilidad y un toque de calidad.<\/li>\n<\/ul>\n<\/li>\n<li><strong>Dimensiones Adecuadas:<\/strong>\n<ul>\n<li><strong>Medidas 32 cm x 29 cm x 13 cm:<\/strong> Un tama\u00f1o vers\u00e1til y pr\u00e1ctico.<\/li>\n<\/ul>\n<\/li>\n<\/ol>\n<p>Esta mochila parece ser una opci\u00f3n elegante y funcional. Si tienes alguna pregunta adicional o si hay m\u00e1s detalles espec\u00edficos que te gustar\u00eda conocer, no dudes en preguntar. \u00a1Listo para llevar el sol contigo!<\/p>\n<p style=\"text-align: left;\"><strong>Aviso importante<\/strong><\/p>\n<p>Todos nuestros productos de cuero est\u00e1n hechos a mano y su nueva bolsa de cuero puede estar sujeta a una variaci\u00f3n natural en tama\u00f1o y color. Las pieles utilizadas han sido procesadas y curtidas en una de las curtidur\u00edas m\u00e1s antiguas de Marrakech utilizando t\u00e9cnicas centenarias para dar al cuero acabado un aspecto antiguo \/ vintage.<br \/>\nPara los tama\u00f1os, permita 1-2 cm difiere debido a la medida manual.<br \/>\nLas im\u00e1genes son 100% reales.<br \/>\nDebido al monitor del ordenador y el brillo real de la toma y otras razones, habr\u00e1 una cierta diferencia de color.<\/p>\n<!-- AddThis Advanced Settings generic via filter on the_content --><!-- AddThis Share Buttons generic via filter on the_content -->","protected":false},"excerpt":{"rendered":"<h2>Mochila de cuero dos soles<\/h2>\n<h3>Si te gusta la artesan\u00eda en cuero esta es una de nuestras favoritas ya que en esta mochila puedes ver el bonito trabajo artesanal que lo lleva.\u00a0Por el dise\u00f1o del sol en cuero\u00a0 la hace mas atractiva ya que todos nuestros productos est\u00e1n realizados a mano,\u00a0cierre con cord\u00f3n de cuero y solapa con hebilla en la parte\u00a0 posterior tiene un bolsillo con cremallera. Sus dos cierre frontales le da un toque original.<\/h3>\n<h4>Forro interior.\u00a0Medidas 32 cm de alto x 29 cm largo 13 cm ancho<\/h4>\n<h5><strong>\u00bfAlguna duda? Ponte en contacto con nosotros a trav\u00e9s del bot\u00f3n del chat directo por whatsApp y te resolveremos las dudas al instante!<\/strong><\/h5>\n<p><!-- AddThis Advanced Settings generic via filter on get_the_excerpt --><!-- AddThis Share Buttons generic via filter on get_the_excerpt --><\/p>\n","protected":false},"featured_media":8686,"comment_status":"open","ping_status":"closed","template":"","meta":{"om_disable_all_campaigns":false,"_monsterinsights_skip_tracking":false,"_monsterinsights_sitenote_active":false,"_monsterinsights_sitenote_note":"","_monsterinsights_sitenote_category":0,"_uf_show_specific_survey":0,"_uf_disable_surveys":false},"product_brand":[1217],"product_cat":[400],"product_tag":[322,310,269,1099,347,354,1136,874,1100,1101],"class_list":{"0":"post-8684","1":"product","2":"type-product","3":"status-publish","4":"has-post-thumbnail","6":"product_brand-ibags-belts","7":"product_cat-mochilas-medianas","8":"product_tag-mochila-clasica-marroqui","9":"product_tag-mochila-cuero","10":"product_tag-bolso-de-cuero-para-hombre-bolso-de-cuero-para-mujer-bolso-de-cuero-hecho-a-mano-bolso-cuero-grabado-bolso-cuero-hombre-artesanal-bolso-cuero-hecho-a-mano-bolsos-cuero-y-kilim-bolso-cuero-mochila","11":"product_tag-mochila-heavy","12":"product_tag-mochila-hecho-a-mano","13":"product_tag-mochila-moto-cuero","14":"product_tag-mochila-piel","15":"product_tag-mochila-remaches","16":"product_tag-mochila-rock","17":"product_tag-mochila-tachas","19":"first","20":"outofstock","21":"shipping-taxable","22":"purchasable","23":"product-type-simple","24":"add-to-wishlist-after_add_to_cart","25":"layout-style-1","26":"col-md-4 col-sm-4 col-xs-6","27":"col-lg-3","28":"product-has-gallery","29":"product-style-default"},"aioseo_notices":[],"_links":{"self":[{"href":"https:\/\/www.ibagsbelts.com\/tienda\/wp-json\/wp\/v2\/product\/8684","targetHints":{"allow":["GET"]}}],"collection":[{"href":"https:\/\/www.ibagsbelts.com\/tienda\/wp-json\/wp\/v2\/product"}],"about":[{"href":"https:\/\/www.ibagsbelts.com\/tienda\/wp-json\/wp\/v2\/types\/product"}],"replies":[{"embeddable":true,"href":"https:\/\/www.ibagsbelts.com\/tienda\/wp-json\/wp\/v2\/comments?post=8684"}],"wp:featuredmedia":[{"embeddable":true,"href":"https:\/\/www.ibagsbelts.com\/tienda\/wp-json\/wp\/v2\/media\/8686"}],"wp:attachment":[{"href":"https:\/\/www.ibagsbelts.com\/tienda\/wp-json\/wp\/v2\/media?parent=8684"}],"wp:term":[{"taxonomy":"product_brand","embeddable":true,"href":"https:\/\/www.ibagsbelts.com\/tienda\/wp-json\/wp\/v2\/product_brand?post=8684"},{"taxonomy":"product_cat","embeddable":true,"href":"https:\/\/www.ibagsbelts.com\/tienda\/wp-json\/wp\/v2\/product_cat?post=8684"},{"taxonomy":"product_tag","embeddable":true,"href":"https:\/\/www.ibagsbelts.com\/tienda\/wp-json\/wp\/v2\/product_tag?post=8684"}],"curies":[{"name":"wp","href":"https:\/\/api.w.org\/{rel}","templated":true}]}}