{"id":8999,"date":"2020-08-21T01:34:36","date_gmt":"2020-08-20T23:34:36","guid":{"rendered":"https:\/\/www.ibagsbelts.com\/tienda\/?post_type=product&#038;p=8999"},"modified":"2026-03-15T16:27:16","modified_gmt":"2026-03-15T15:27:16","slug":"bolso-de-mano-con-sol-y-tachas","status":"publish","type":"product","link":"https:\/\/www.ibagsbelts.com\/tienda\/producto\/bolso-de-mano-con-sol-y-tachas\/","title":{"rendered":"Bolso de mano con sol y tachas Jimena"},"content":{"rendered":"<p>Este impresionante bolso de mano combina a la perfecci\u00f3n la artesan\u00eda del cuero con un toque de estilo \u00fanico y moderno. Con una hermosa decoraci\u00f3n artesanal en forma de sol con tachas, este bolso destaca por su singularidad y elegancia.<\/p>\n<p>Su amplio espacio interior es ideal para llevar todos tus elementos esenciales del d\u00eda a d\u00eda, desde llaves y tel\u00e9fono celular hasta billeteras y l\u00e1pices labiales.<\/p>\n<p>Adem\u00e1s, la versatilidad de este bolso te permite llevarlo de dos formas diferentes: con la mu\u00f1equera desmontable para un estilo de clutch elegante, o con la bandolera para mayor comodidad al llevarlo sobre el hombro.<\/p>\n<p>Con dimensiones de 30 cm x 20 cm, este bolso es el complemento perfecto para cualquier ocasi\u00f3n, a\u00f1adiendo un toque de estilo y sofisticaci\u00f3n a tu look diario.<\/p>\n<p style=\"text-align: left;\"><strong>Aviso importante<\/strong><\/p>\n<p>Todos nuestros productos de cuero est\u00e1n hechos a mano y su nueva bolsa de cuero puede estar sujeta a una variaci\u00f3n natural en tama\u00f1o y color.<br \/>\nPara los tama\u00f1os, permita 1-2 cm difiere debido a la medida manual.<br \/>\nLas im\u00e1genes son 100% reales.<br \/>\nDebido al monitor del ordenador y el brillo real de la toma y otras razones, habr\u00e1 una cierta diferencia de color.<\/p>\n<!-- AddThis Advanced Settings generic via filter on the_content --><!-- AddThis Share Buttons generic via filter on the_content -->","protected":false},"excerpt":{"rendered":"<p>Este impresionante bolso de mano combina a la perfecci\u00f3n la artesan\u00eda del cuero con un toque de estilo \u00fanico y moderno. Con una hermosa decoraci\u00f3n artesanal en forma de sol con tachas, este bolso destaca por su singularidad y elegancia.<\/p>\n<p>Adem\u00e1s, la versatilidad de este bolso te permite llevarlo de dos formas diferentes: con la mu\u00f1equera desmontable para un estilo de clutch elegante, o con la bandolera para mayor comodidad al llevarlo sobre el hombro.<\/p>\n<p>Con dimensiones de 30 cm x 20 cm, este bolso es el complemento perfecto para cualquier ocasi\u00f3n, a\u00f1adiendo un toque de estilo y sofisticaci\u00f3n a tu look diario.<\/p>\n<h5><strong>\u00bfAlguna duda? Ponte en contacto con nosotros a trav\u00e9s del bot\u00f3n del chat directo por whatsApp y te resolveremos las dudas al instante!<\/strong><\/h5>\n<p><!-- AddThis Advanced Settings generic via filter on get_the_excerpt --><!-- AddThis Share Buttons generic via filter on get_the_excerpt --><\/p>\n","protected":false},"featured_media":12003,"comment_status":"open","ping_status":"closed","template":"","meta":{"om_disable_all_campaigns":false,"_monsterinsights_skip_tracking":false,"_monsterinsights_sitenote_active":false,"_monsterinsights_sitenote_note":"","_monsterinsights_sitenote_category":0,"_uf_show_specific_survey":0,"_uf_disable_surveys":false},"product_brand":[1217],"product_cat":[240,757],"product_tag":[1096,301,266,305,316,326,1153,1050,1027,281,1049,749,1118,1129],"class_list":{"0":"post-8999","1":"product","2":"type-product","3":"status-publish","4":"has-post-thumbnail","6":"product_brand-ibags-belts","7":"product_cat-bolsos-bandoleras-de-cuero-artesanal","8":"product_cat-bolso-clutch","9":"product_tag-artesania","10":"product_tag-bandolera","11":"product_tag-bolso-bohemian-bolso-cuero-repujado-bolsos-cuero-retro-bolso-shopper-cuero-bolso-cuero-trenzado-bolso-cuero-troquelado","12":"product_tag-bolso-cuero-artesanal","13":"product_tag-bolso-cuero-con-tachuelas","14":"product_tag-bolso-cuero-sol","15":"product_tag-bolso-de-mano","16":"product_tag-bolso-remaches","17":"product_tag-bolso-sobre","18":"product_tag-bolso-bohemian-bolso-cuero-para-hombre-bolso-cuero-repujado-bolsos-cuero-retro-bolso-shopper-cuero-bolso-cuero-trenzado-bolso-cuero-troquelado-bolso-cuero-vaca-bolso-cuero-viaje-hombre","19":"product_tag-bolsos-remaches","20":"product_tag-clutch","21":"product_tag-remaches","22":"product_tag-tachas","24":"first","25":"instock","26":"shipping-taxable","27":"purchasable","28":"product-type-simple","29":"add-to-wishlist-after_add_to_cart","30":"layout-style-1","31":"col-md-4 col-sm-4 col-xs-6","32":"col-lg-3","33":"product-has-gallery","34":"product-style-default"},"aioseo_notices":[],"_links":{"self":[{"href":"https:\/\/www.ibagsbelts.com\/tienda\/wp-json\/wp\/v2\/product\/8999","targetHints":{"allow":["GET"]}}],"collection":[{"href":"https:\/\/www.ibagsbelts.com\/tienda\/wp-json\/wp\/v2\/product"}],"about":[{"href":"https:\/\/www.ibagsbelts.com\/tienda\/wp-json\/wp\/v2\/types\/product"}],"replies":[{"embeddable":true,"href":"https:\/\/www.ibagsbelts.com\/tienda\/wp-json\/wp\/v2\/comments?post=8999"}],"wp:featuredmedia":[{"embeddable":true,"href":"https:\/\/www.ibagsbelts.com\/tienda\/wp-json\/wp\/v2\/media\/12003"}],"wp:attachment":[{"href":"https:\/\/www.ibagsbelts.com\/tienda\/wp-json\/wp\/v2\/media?parent=8999"}],"wp:term":[{"taxonomy":"product_brand","embeddable":true,"href":"https:\/\/www.ibagsbelts.com\/tienda\/wp-json\/wp\/v2\/product_brand?post=8999"},{"taxonomy":"product_cat","embeddable":true,"href":"https:\/\/www.ibagsbelts.com\/tienda\/wp-json\/wp\/v2\/product_cat?post=8999"},{"taxonomy":"product_tag","embeddable":true,"href":"https:\/\/www.ibagsbelts.com\/tienda\/wp-json\/wp\/v2\/product_tag?post=8999"}],"curies":[{"name":"wp","href":"https:\/\/api.w.org\/{rel}","templated":true}]}}