{"id":9265,"date":"2020-09-12T11:01:56","date_gmt":"2020-09-12T09:01:56","guid":{"rendered":"https:\/\/www.ibagsbelts.com\/tienda\/?post_type=product&#038;p=9265"},"modified":"2026-03-15T16:20:44","modified_gmt":"2026-03-15T15:20:44","slug":"maletin-de-cuero-retro-mediano","status":"publish","type":"product","link":"https:\/\/www.ibagsbelts.com\/tienda\/producto\/maletin-de-cuero-retro-mediano\/","title":{"rendered":"Malet\u00edn de cuero para la oficina retro mediano Leo"},"content":{"rendered":"<p style=\"text-align: left;\">Explora la elegancia cl\u00e1sica con nuestro hermoso malet\u00edn de cuero artesanal, una fusi\u00f3n de estilo retro y funcionalidad moderna.<\/p>\n<p style=\"text-align: left;\">Caracter\u00edsticas destacadas:<\/p>\n<p style=\"text-align: left;\"><strong>Dise\u00f1o Retro:<\/strong><\/p>\n<ul style=\"text-align: left;\">\n<li>Elegante y atemporal.<\/li>\n<li>Cuero artesanal para un toque aut\u00e9ntico.<\/li>\n<\/ul>\n<p style=\"text-align: left;\"><strong>Funcionalidad \u00d3ptima:<\/strong><\/p>\n<ul style=\"text-align: left;\">\n<li>Amplio espacio interior.<\/li>\n<li>Adecuado para port\u00e1tiles, carpetas, documentos A4, cuadernos y m\u00e1s.<\/li>\n<\/ul>\n<p style=\"text-align: left;\"><strong>Organizaci\u00f3n Eficiente:<\/strong><\/p>\n<ul style=\"text-align: left;\">\n<li>Bolsillos adicionales para tel\u00e9fono, monedero y objetos frecuentes.<\/li>\n<li>Evita revolver para encontrar lo que necesitas.<\/li>\n<\/ul>\n<p style=\"text-align: left;\"><strong>Cierre Seguro:<\/strong><\/p>\n<ul style=\"text-align: left;\">\n<li>Hebillas para proteger y a\u00f1adir un toque distintivo.<\/li>\n<\/ul>\n<p style=\"text-align: left;\"><strong>Estilo Cl\u00e1sico:<\/strong><\/p>\n<ul style=\"text-align: left;\">\n<li>Recuerda la elegancia de tiempos pasados.<\/li>\n<\/ul>\n<p style=\"text-align: left;\">Este malet\u00edn es la elecci\u00f3n perfecta para quienes aprecian la calidad, el dise\u00f1o cl\u00e1sico y la funcionalidad inteligente. \u00a1No esperes m\u00e1s, consigue el tuyo y lleva la elegancia retro contigo!<\/p>\n<p style=\"text-align: left;\"><strong>Aviso importante<\/strong><\/p>\n<p style=\"text-align: left;\">Todos nuestros productos de cuero est\u00e1n hechos a mano y su nueva bolsa de cuero puede estar sujeta a una variaci\u00f3n natural en tama\u00f1o y color.<br \/>\nPara los tama\u00f1os, permita 1-2 cm difiere debido a la medida manual.<br \/>\nLas im\u00e1genes son 100% reales.<br \/>\nDebido al monitor del ordenador y el brillo real de la toma y otras razones, habr\u00e1 una cierta diferencia de color.<\/p>\n<!-- AddThis Advanced Settings generic via filter on the_content --><!-- AddThis Share Buttons generic via filter on the_content -->","protected":false},"excerpt":{"rendered":"<h2>Malet\u00edn de cuero de 40 cms de ancho por 32 de alto y 7,5 de profundo.<\/h2>\n<p>Separado en dos compartimentos , lleva forrada de napa la tapa , el resto del malet\u00edn va sin forrar . Bolsillo con cremallera bajo la tapa. Exterior con solapa de clic, pueden ser guardados sin ning\u00fan problema.<\/p>\n<p>Puedes llevar contigo siempre lo importante sin causarte ninguna molestia.<\/p>\n<p>En el interior dos bolsillos adicionales te ofrecen capacidad para guardar tu tel\u00e9fono, monedero y otros objetos de uso frecuente, los cuales, tendr\u00e1s siempre al alcance de tu mano, sin necesidad de revolver todo.<\/p>\n<p>Los cierres de hebillas protegen el contenido del bolso y le dan un toque de distinci\u00f3n que te recordar\u00e1 a los viejos tiempos.<\/p>\n<h5><strong>\u00bfAlguna duda? Ponte en contacto con nosotros a trav\u00e9s del bot\u00f3n del chat directo por whatsApp y te resolveremos las dudas al instante!<\/strong><\/h5>\n<p>&nbsp;<!-- AddThis Advanced Settings generic via filter on get_the_excerpt --><!-- AddThis Share Buttons generic via filter on get_the_excerpt --><\/p>\n","protected":false},"featured_media":9932,"comment_status":"open","ping_status":"closed","template":"","meta":{"om_disable_all_campaigns":false,"_monsterinsights_skip_tracking":false,"_monsterinsights_sitenote_active":false,"_monsterinsights_sitenote_note":"","_monsterinsights_sitenote_category":0,"_uf_show_specific_survey":0,"_uf_disable_surveys":false},"product_brand":[1217],"product_cat":[240,757,402],"product_tag":[1096,877,1019,305,315,257,885,875,928],"class_list":{"0":"post-9265","1":"product","2":"type-product","3":"status-publish","4":"has-post-thumbnail","6":"product_brand-ibags-belts","7":"product_cat-bolsos-bandoleras-de-cuero-artesanal","8":"product_cat-bolso-clutch","9":"product_cat-maletin-liso","10":"product_tag-artesania","11":"product_tag-bandoleras","12":"product_tag-bolsa-de-portatil","13":"product_tag-bolso-cuero-artesanal","14":"product_tag-bolso-cuero-artesano","15":"product_tag-bolso-cuero-bandolera-bolso-cuero-artesanal-bolso-cuero-artesanal-hombre-bolso-cuero-boho-bolso-cuero-con-tachuelas-bolsos-cuero-caballero-bolso-cuero-de-hombre","16":"product_tag-cartera","17":"product_tag-maletin","18":"product_tag-portafolios","20":"first","21":"instock","22":"shipping-taxable","23":"purchasable","24":"product-type-simple","25":"add-to-wishlist-after_add_to_cart","26":"layout-style-1","27":"col-md-4 col-sm-4 col-xs-6","28":"col-lg-3","29":"product-has-gallery","30":"product-style-default"},"aioseo_notices":[],"_links":{"self":[{"href":"https:\/\/www.ibagsbelts.com\/tienda\/wp-json\/wp\/v2\/product\/9265","targetHints":{"allow":["GET"]}}],"collection":[{"href":"https:\/\/www.ibagsbelts.com\/tienda\/wp-json\/wp\/v2\/product"}],"about":[{"href":"https:\/\/www.ibagsbelts.com\/tienda\/wp-json\/wp\/v2\/types\/product"}],"replies":[{"embeddable":true,"href":"https:\/\/www.ibagsbelts.com\/tienda\/wp-json\/wp\/v2\/comments?post=9265"}],"wp:featuredmedia":[{"embeddable":true,"href":"https:\/\/www.ibagsbelts.com\/tienda\/wp-json\/wp\/v2\/media\/9932"}],"wp:attachment":[{"href":"https:\/\/www.ibagsbelts.com\/tienda\/wp-json\/wp\/v2\/media?parent=9265"}],"wp:term":[{"taxonomy":"product_brand","embeddable":true,"href":"https:\/\/www.ibagsbelts.com\/tienda\/wp-json\/wp\/v2\/product_brand?post=9265"},{"taxonomy":"product_cat","embeddable":true,"href":"https:\/\/www.ibagsbelts.com\/tienda\/wp-json\/wp\/v2\/product_cat?post=9265"},{"taxonomy":"product_tag","embeddable":true,"href":"https:\/\/www.ibagsbelts.com\/tienda\/wp-json\/wp\/v2\/product_tag?post=9265"}],"curies":[{"name":"wp","href":"https:\/\/api.w.org\/{rel}","templated":true}]}}