{"id":9266,"date":"2020-09-12T11:24:33","date_gmt":"2020-09-12T09:24:33","guid":{"rendered":"https:\/\/www.ibagsbelts.com\/tienda\/?post_type=product&#038;p=9266"},"modified":"2026-03-15T16:21:52","modified_gmt":"2026-03-15T15:21:52","slug":"maletin-de-cuero-retro-mediano-marron","status":"publish","type":"product","link":"https:\/\/www.ibagsbelts.com\/tienda\/producto\/maletin-de-cuero-retro-mediano-marron\/","title":{"rendered":"Malet\u00edn de cuero retro mediano marr\u00f3n"},"content":{"rendered":"<p>Este hermoso malet\u00edn de cuero realizado artesanal mente en el encontraras mucho espacio bien repartido, de dise\u00f1o cl\u00e1sico.<\/p>\n<p>Esta cartera de cuero atrae por su estilo Retro unido a una alta funcionalidad.<\/p>\n<p>En su amplio interior hay espacio suficiente para:<\/p>\n<p>Port\u00e1til<\/p>\n<p>Carpetas.<\/p>\n<p>Documentos en formato A4.<\/p>\n<p>Cuaderno para notas.<\/p>\n<p>Libros.<\/p>\n<p>Estuche, pueden ser guardados sin ning\u00fan problema.<\/p>\n<p>Puedes llevar contigo siempre lo importante sin causarte ninguna molestia.<\/p>\n<p>Dos bolsillos adicionales te ofrecen capacidad para guardar tu tel\u00e9fono, monedero y otros objetos de uso frecuente, los cuales, tendr\u00e1s siempre al alcance de tu mano, sin necesidad de revolver todo.<\/p>\n<p>Los cierres de hebillas protegen el contenido del bolso y le dan un toque de distinci\u00f3n que te recordar\u00e1 a los viejos tiempos.<\/p>\n<p>\u00a1A QUE ESPERAS COMPRA LA TUYA!<\/p>\n<p style=\"text-align: center;\">Aviso importante<\/p>\n<p>Todos nuestros productos de cuero est\u00e1n hechos a mano y su nueva bolsa de cuero puede estar sujeta a una variaci\u00f3n natural en tama\u00f1o y color.<br \/>\nPara los tama\u00f1os, permita 1-2 cm difiere debido a la medida manual.<br \/>\nLas im\u00e1genes son 100% reales.<br \/>\nDebido al monitor del ordenador y el brillo real de la toma y otras razones, habr\u00e1 una cierta diferencia de color.<\/p>\n<!-- AddThis Advanced Settings generic via filter on the_content --><!-- AddThis Share Buttons generic via filter on the_content -->","protected":false},"excerpt":{"rendered":"<p>Malet\u00edn de cuero de 39 cms de ancho por 30 de alto y 10 de profundo . Separado en tres compartimentos , lleva forrada de napa la tapa , el resto del malet\u00edn va sin forrar . Bolsillo con cremallera y bolsillo para smartfone bajo la tapa. Exterior con solapa de clic.<!-- AddThis Advanced Settings generic via filter on get_the_excerpt --><!-- AddThis Share Buttons generic via filter on get_the_excerpt --><\/p>\n","protected":false},"featured_media":9945,"comment_status":"open","ping_status":"closed","template":"","meta":{"om_disable_all_campaigns":false,"_monsterinsights_skip_tracking":false,"_monsterinsights_sitenote_active":false,"_monsterinsights_sitenote_note":"","_monsterinsights_sitenote_category":0,"_uf_show_specific_survey":0,"_uf_disable_surveys":false},"product_brand":[1217],"product_cat":[240,757,402],"product_tag":[877,315,885,875],"class_list":{"0":"post-9266","1":"product","2":"type-product","3":"status-publish","4":"has-post-thumbnail","6":"product_brand-ibags-belts","7":"product_cat-bolsos-bandoleras-de-cuero-artesanal","8":"product_cat-bolso-clutch","9":"product_cat-maletin-liso","10":"product_tag-bandoleras","11":"product_tag-bolso-cuero-artesano","12":"product_tag-cartera","13":"product_tag-maletin","15":"first","16":"outofstock","17":"sale","18":"shipping-taxable","19":"purchasable","20":"product-type-simple","21":"add-to-wishlist-after_add_to_cart","22":"layout-style-1","23":"col-md-4 col-sm-4 col-xs-6","24":"col-lg-3","25":"product-has-gallery","26":"product-style-default"},"aioseo_notices":[],"_links":{"self":[{"href":"https:\/\/www.ibagsbelts.com\/tienda\/wp-json\/wp\/v2\/product\/9266","targetHints":{"allow":["GET"]}}],"collection":[{"href":"https:\/\/www.ibagsbelts.com\/tienda\/wp-json\/wp\/v2\/product"}],"about":[{"href":"https:\/\/www.ibagsbelts.com\/tienda\/wp-json\/wp\/v2\/types\/product"}],"replies":[{"embeddable":true,"href":"https:\/\/www.ibagsbelts.com\/tienda\/wp-json\/wp\/v2\/comments?post=9266"}],"wp:featuredmedia":[{"embeddable":true,"href":"https:\/\/www.ibagsbelts.com\/tienda\/wp-json\/wp\/v2\/media\/9945"}],"wp:attachment":[{"href":"https:\/\/www.ibagsbelts.com\/tienda\/wp-json\/wp\/v2\/media?parent=9266"}],"wp:term":[{"taxonomy":"product_brand","embeddable":true,"href":"https:\/\/www.ibagsbelts.com\/tienda\/wp-json\/wp\/v2\/product_brand?post=9266"},{"taxonomy":"product_cat","embeddable":true,"href":"https:\/\/www.ibagsbelts.com\/tienda\/wp-json\/wp\/v2\/product_cat?post=9266"},{"taxonomy":"product_tag","embeddable":true,"href":"https:\/\/www.ibagsbelts.com\/tienda\/wp-json\/wp\/v2\/product_tag?post=9266"}],"curies":[{"name":"wp","href":"https:\/\/api.w.org\/{rel}","templated":true}]}}