{"id":9325,"date":"2020-09-17T13:08:18","date_gmt":"2020-09-17T11:08:18","guid":{"rendered":"https:\/\/www.ibagsbelts.com\/tienda\/?post_type=product&#038;p=9325"},"modified":"2026-03-15T16:08:35","modified_gmt":"2026-03-15T15:08:35","slug":"mochila-pechera-de-cuero","status":"publish","type":"product","link":"https:\/\/www.ibagsbelts.com\/tienda\/producto\/mochila-pechera-de-cuero\/","title":{"rendered":"Mochila pechera de cuero"},"content":{"rendered":"<p><span class=\"a-list-item\">La elegante mochila de pecho est\u00e1 hecha de cuero de alta calidad. El<\/span>\u00a0forro interno de poli\u00e9ster de alta densidad de acabado perfecto, duradero y elegante.<\/p>\n<p><span class=\"a-list-item\">Compartimento pr\u00e1ctico: <\/span><\/p>\n<p><span class=\"a-list-item\">1 bolsillo frontal peque\u00f1o con cremallera, 1 compartimento principal grande con cremallera con 1 bolsillo peque\u00f1o con cremallera en la parte trasera.<\/span><\/p>\n<p><span class=\"a-list-item\">Mochila para el pecho perfecta para hombre o mujer con un dise\u00f1o elegante, aspecto vintage, tama\u00f1o compacto y espacio amplio para art\u00edculos diarios, esta mochila para el pecho es muy pr\u00e1ctica y combina muy bien con la ropa diaria. <\/span><\/p>\n<p><span class=\"a-list-item\">Opci\u00f3n de regalo perfecta para uso diario, oficina, negocios, escuela, citas, compras, viajes, actividades al aire libre, etc.<\/span><\/p>\n<p><span class=\"a-list-item\">Tama\u00f1o compacto: 19 cm Largo x 32 cm Alto x 8 cm Ancho. Su correa de hombro lisa y cremallera se puede ajustar seg\u00fan sus necesidades.<\/span><\/p>\n","protected":false},"excerpt":{"rendered":"<p><span class=\"a-list-item\">Mochila para el pecho perfecta para hombre o mujer con un dise\u00f1o elegante, aspecto vintage, tama\u00f1o compacto y espacio amplio para art\u00edculos diarios, esta mochila para el pecho es muy pr\u00e1ctica y combina muy bien con la ropa diaria.<\/span><\/p>\n","protected":false},"featured_media":10067,"comment_status":"closed","ping_status":"closed","template":"","meta":{"om_disable_all_campaigns":false,"_monsterinsights_skip_tracking":false,"_uf_show_specific_survey":0,"_uf_disable_surveys":false},"product_brand":[1217],"product_cat":[400],"product_tag":[301,905,275,310,325,304,929],"class_list":["post-9325","product","type-product","status-publish","has-post-thumbnail","product_brand-ibags-belts","product_cat-mochilas-medianas","product_tag-bandolera","product_tag-casual","product_tag-mochila-de-cuero-para-hombre-bolso-de-cuero-para-mujer-bolso-de-cuero-hecho-a-mano-bolso-cuero-grabado-bolso-cuero-hombre-artesanal-bolso-cuero-hecho-a-mano-bolsos-cuero-y-kilim","product_tag-mochila-cuero","product_tag-mochilas","product_tag-mochilas-cuero-con-cremalleras","product_tag-pechera","first","outofstock","shipping-taxable","purchasable","product-type-simple"],"_links":{"self":[{"href":"https:\/\/www.ibagsbelts.com\/tienda\/wp-json\/wp\/v2\/product\/9325","targetHints":{"allow":["GET"]}}],"collection":[{"href":"https:\/\/www.ibagsbelts.com\/tienda\/wp-json\/wp\/v2\/product"}],"about":[{"href":"https:\/\/www.ibagsbelts.com\/tienda\/wp-json\/wp\/v2\/types\/product"}],"replies":[{"embeddable":true,"href":"https:\/\/www.ibagsbelts.com\/tienda\/wp-json\/wp\/v2\/comments?post=9325"}],"version-history":[{"count":0,"href":"https:\/\/www.ibagsbelts.com\/tienda\/wp-json\/wp\/v2\/product\/9325\/revisions"}],"wp:featuredmedia":[{"embeddable":true,"href":"https:\/\/www.ibagsbelts.com\/tienda\/wp-json\/wp\/v2\/media\/10067"}],"wp:attachment":[{"href":"https:\/\/www.ibagsbelts.com\/tienda\/wp-json\/wp\/v2\/media?parent=9325"}],"wp:term":[{"taxonomy":"product_brand","embeddable":true,"href":"https:\/\/www.ibagsbelts.com\/tienda\/wp-json\/wp\/v2\/product_brand?post=9325"},{"taxonomy":"product_cat","embeddable":true,"href":"https:\/\/www.ibagsbelts.com\/tienda\/wp-json\/wp\/v2\/product_cat?post=9325"},{"taxonomy":"product_tag","embeddable":true,"href":"https:\/\/www.ibagsbelts.com\/tienda\/wp-json\/wp\/v2\/product_tag?post=9325"}],"curies":[{"name":"wp","href":"https:\/\/api.w.org\/{rel}","templated":true}]}}

<p><span class="a-list-item">La elegante mochila de pecho está hecha de cuero de alta calidad. El</span> forro interno de poliéster de alta densidad de acabado perfecto, duradero y elegante.</p>
<p><span class="a-list-item">Compartimento práctico: </span></p>
<p><span class="a-list-item">1 bolsillo frontal pequeño con cremallera, 1 compartimento principal grande con cremallera con 1 bolsillo pequeño con cremallera en la parte trasera.</span></p>
<p><span class="a-list-item">Mochila para el pecho perfecta para hombre o mujer con un diseño elegante, aspecto vintage, tamaño compacto y espacio amplio para artículos diarios, esta mochila para el pecho es muy práctica y combina muy bien con la ropa diaria. </span></p>
<p><span class="a-list-item">Opción de regalo perfecta para uso diario, oficina, negocios, escuela, citas, compras, viajes, actividades al aire libre, etc.</span></p>
<p><span class="a-list-item">Tamaño compacto: 19 cm Largo x 32 cm Alto x 8 cm Ancho. Su correa de hombro lisa y cremallera se puede ajustar según sus necesidades.</span></p>

<p><span class="a-list-item">Mochila para el pecho perfecta para hombre o mujer con un diseño elegante, aspecto vintage, tamaño compacto y espacio amplio para artículos diarios, esta mochila para el pecho es muy práctica y combina muy bien con la ropa diaria.</span></p>
